{"id":592,"date":"2014-11-12T10:25:37","date_gmt":"2014-11-12T08:25:37","guid":{"rendered":"http:\/\/www.emslandkicker.de\/?page_id=592"},"modified":"2014-12-09T20:44:36","modified_gmt":"2014-12-09T18:44:36","slug":"meister-1-kreisklasse-bis-1995","status":"publish","type":"page","link":"http:\/\/www.emslandkicker.de\/?page_id=592","title":{"rendered":"Meister 1. Kreisklasse bis 1995"},"content":{"rendered":"<div class=\"pdfprnt-buttons pdfprnt-buttons-page pdfprnt-top-right\"><a href=\"http:\/\/www.emslandkicker.de\/index.php?rest_route=%2Fwp%2Fv2%2Fpages%2F592&print=pdf\" class=\"pdfprnt-button pdfprnt-button-pdf\" target=\"_blank\"><img decoding=\"async\" src=\"https:\/\/i0.wp.com\/www.emslandkicker.de\/wp-content\/plugins\/pdf-print\/images\/pdf.png?w=610\" alt=\"image_pdf\" title=\"View PDF\" data-recalc-dims=\"1\" \/><\/a><a href=\"http:\/\/www.emslandkicker.de\/index.php?rest_route=%2Fwp%2Fv2%2Fpages%2F592&print=print\" class=\"pdfprnt-button pdfprnt-button-print\" target=\"_blank\"><img decoding=\"async\" src=\"https:\/\/i0.wp.com\/www.emslandkicker.de\/wp-content\/plugins\/pdf-print\/images\/print.png?w=610\" alt=\"image_print\" title=\"Print Content\" data-recalc-dims=\"1\" \/><\/a><\/div><table width=\"50%\" cellspacing=\"5\" cellpadding=\"0\">\n<tbody>\n<tr>\n<td bgcolor=\"#CCCCCC\"><strong>1.KK<\/strong><\/td>\n<td bgcolor=\"#CCCCCC\"><strong>1968-69<\/strong><\/td>\n<td bgcolor=\"#CCCCCC\"><strong>Tab.<\/strong><\/td>\n<td bgcolor=\"#CCCCCC\"><strong>Info<\/strong><\/td>\n<\/tr>\n<tr>\n<td>Nord<\/td>\n<td><\/td>\n<td><\/td>\n<td><\/td>\n<\/tr>\n<tr>\n<td>Mitte<\/td>\n<td>VfL Herzlake<\/td>\n<td>\n<div align=\"center\"><a title=\"Tabelle 1KK M 1968-69\" href=\"http:\/\/www.emslandkicker.de\/?page_id=969\"><img decoding=\"async\" src=\"https:\/\/i0.wp.com\/www.emslandkicker.de\/wp-content\/uploads\/nostalgie\/icons\/tab24.png?w=610\" alt=\"Tabelle 1KK M 1968-69\" data-recalc-dims=\"1\" \/><\/a><\/div>\n<\/td>\n<td><\/td>\n<\/tr>\n<tr>\n<td>S\u00fcd<\/td>\n<td><\/td>\n<td><\/td>\n<td><\/td>\n<\/tr>\n<tr>\n<td bgcolor=\"#CCCCCC\"><strong>1.KK<\/strong><\/td>\n<td bgcolor=\"#CCCCCC\"><strong>1969-70<\/strong><\/td>\n<td bgcolor=\"#CCCCCC\"><strong>Tab.<\/strong><\/td>\n<td bgcolor=\"#CCCCCC\"><strong>Info<\/strong><\/td>\n<\/tr>\n<tr>\n<td>Nord<\/td>\n<td><\/td>\n<td><\/td>\n<td><\/td>\n<\/tr>\n<tr>\n<td>Mitte<\/td>\n<td>Germ. Twist<\/td>\n<td>\n<div align=\"center\"><a title=\"Tabelle 1KK M 1969-70\" href=\"http:\/\/www.emslandkicker.de\/?page_id=967\"><img decoding=\"async\" src=\"https:\/\/i0.wp.com\/www.emslandkicker.de\/wp-content\/uploads\/nostalgie\/icons\/tab24.png?w=610\" alt=\"Tabelle 1KK M 1969-70\" data-recalc-dims=\"1\" \/><\/a><\/div>\n<\/td>\n<td><\/td>\n<\/tr>\n<tr>\n<td>S\u00fcd<\/td>\n<td><\/td>\n<td><\/td>\n<td><\/td>\n<\/tr>\n<tr>\n<td bgcolor=\"#CCCCCC\"><strong>1.KK<\/strong><\/td>\n<td bgcolor=\"#CCCCCC\"><strong>1970-71<\/strong><\/td>\n<td bgcolor=\"#CCCCCC\"><strong>Tab.<\/strong><\/td>\n<td bgcolor=\"#CCCCCC\"><strong>Info<\/strong><\/td>\n<\/tr>\n<tr>\n<td>Nord<\/td>\n<td><\/td>\n<td><\/td>\n<td><\/td>\n<\/tr>\n<tr>\n<td>Mitte<\/td>\n<td>Grenzl. Twist<\/td>\n<td>\n<div align=\"center\"><a title=\"Tabelle 1KK M 1970-71\" href=\"http:\/\/www.emslandkicker.de\/?page_id=965\"><img decoding=\"async\" src=\"https:\/\/i0.wp.com\/www.emslandkicker.de\/wp-content\/uploads\/nostalgie\/icons\/tab24.png?w=610\" alt=\"Tabelle 1KK M 1970-71\" data-recalc-dims=\"1\" \/><\/a><\/div>\n<\/td>\n<td><\/td>\n<\/tr>\n<tr>\n<td>S\u00fcd<\/td>\n<td><\/td>\n<td><\/td>\n<td><\/td>\n<\/tr>\n<tr>\n<td bgcolor=\"#CCCCCC\"><strong>1.KK<\/strong><\/td>\n<td bgcolor=\"#CCCCCC\"><strong>1971-72<\/strong><\/td>\n<td bgcolor=\"#CCCCCC\"><strong>Tab.<\/strong><\/td>\n<td bgcolor=\"#CCCCCC\"><strong>Info<\/strong><\/td>\n<\/tr>\n<tr>\n<td>Nord<\/td>\n<td><\/td>\n<td><\/td>\n<td><\/td>\n<\/tr>\n<tr>\n<td>Mitte<\/td>\n<td>FC Wesuwe<\/td>\n<td>\n<div align=\"center\"><a title=\"Tabelle 1KK M 1971-72\" href=\"http:\/\/www.emslandkicker.de\/?page_id=962\"><img decoding=\"async\" src=\"https:\/\/i0.wp.com\/www.emslandkicker.de\/wp-content\/uploads\/nostalgie\/icons\/tab24.png?w=610\" alt=\"Tabelle 1KK M 1971-72\" data-recalc-dims=\"1\" \/><\/a><\/div>\n<\/td>\n<td><\/td>\n<\/tr>\n<tr>\n<td>S\u00fcd<\/td>\n<td><\/td>\n<td><\/td>\n<td><\/td>\n<\/tr>\n<tr>\n<td bgcolor=\"#CCCCCC\"><strong>1.KK<\/strong><\/td>\n<td bgcolor=\"#CCCCCC\"><strong>1972-73<\/strong><\/td>\n<td bgcolor=\"#CCCCCC\"><strong>Tab.<\/strong><\/td>\n<td bgcolor=\"#CCCCCC\"><strong>Info<\/strong><\/td>\n<\/tr>\n<tr>\n<td>Nord<\/td>\n<td><\/td>\n<td><\/td>\n<td><\/td>\n<\/tr>\n<tr>\n<td>Mitte<\/td>\n<td>Conc Sch\u00f6ninghsdorf<\/td>\n<td>\n<div align=\"center\"><a title=\"Tabelle 1KK M 1972-73\" href=\"http:\/\/www.emslandkicker.de\/?page_id=812\"><img decoding=\"async\" src=\"https:\/\/i0.wp.com\/www.emslandkicker.de\/wp-content\/uploads\/nostalgie\/icons\/tab24.png?w=610\" alt=\"Tabelle 1KK M 1972-73\" data-recalc-dims=\"1\" \/><\/a><\/div>\n<\/td>\n<td><\/td>\n<\/tr>\n<tr>\n<td>S\u00fcd<\/td>\n<td><\/td>\n<td><\/td>\n<td><\/td>\n<\/tr>\n<tr>\n<td bgcolor=\"#CCCCCC\"><strong>1.KK<\/strong><\/td>\n<td bgcolor=\"#CCCCCC\"><strong>1973-74<\/strong><\/td>\n<td bgcolor=\"#CCCCCC\"><strong>Tab.<\/strong><\/td>\n<td bgcolor=\"#CCCCCC\"><strong>Info<\/strong><\/td>\n<\/tr>\n<tr>\n<td>Nord<\/td>\n<td><\/td>\n<td><\/td>\n<td><\/td>\n<\/tr>\n<tr>\n<td>Mitte<\/td>\n<td><\/td>\n<td><\/td>\n<td><\/td>\n<\/tr>\n<tr>\n<td>S\u00fcd<\/td>\n<td><\/td>\n<td><\/td>\n<td><\/td>\n<\/tr>\n<tr>\n<td bgcolor=\"#CCCCCC\"><strong>1.KK<\/strong><\/td>\n<td bgcolor=\"#CCCCCC\"><strong>1974-75<\/strong><\/td>\n<td bgcolor=\"#CCCCCC\"><strong>Tab.<\/strong><\/td>\n<td bgcolor=\"#CCCCCC\"><strong>Info<\/strong><\/td>\n<\/tr>\n<tr>\n<td>Nord<\/td>\n<td><\/td>\n<td><\/td>\n<td><\/td>\n<\/tr>\n<tr>\n<td>Mitte<\/td>\n<td><\/td>\n<td><\/td>\n<td><\/td>\n<\/tr>\n<tr>\n<td>S\u00fcd<\/td>\n<td><\/td>\n<td><\/td>\n<td><\/td>\n<\/tr>\n<tr>\n<td bgcolor=\"#CCCCCC\"><strong>1.KK<\/strong><\/td>\n<td bgcolor=\"#CCCCCC\"><strong>1975-76<\/strong><\/td>\n<td bgcolor=\"#CCCCCC\"><strong>Tab.<\/strong><\/td>\n<td bgcolor=\"#CCCCCC\"><strong>Info<\/strong><\/td>\n<\/tr>\n<tr>\n<td>Nord<\/td>\n<td><\/td>\n<td><\/td>\n<td><\/td>\n<\/tr>\n<tr>\n<td>Mitte<\/td>\n<td>FC Wesuwe<\/td>\n<td>\n<div align=\"center\"><a title=\"Tabelle 1KK M 1975-76\" href=\"http:\/\/www.emslandkicker.de\/?page_id=815\"><img decoding=\"async\" src=\"https:\/\/i0.wp.com\/www.emslandkicker.de\/wp-content\/uploads\/nostalgie\/icons\/tab24.png?w=610\" alt=\"Tabelle 1KK M 1975-76\" data-recalc-dims=\"1\" \/><\/a><\/div>\n<\/td>\n<td><\/td>\n<\/tr>\n<tr>\n<td>S\u00fcd<\/td>\n<td><\/td>\n<td><\/td>\n<td><\/td>\n<\/tr>\n<tr>\n<td bgcolor=\"#CCCCCC\"><strong>1.KK<\/strong><\/td>\n<td bgcolor=\"#CCCCCC\"><strong>1976-77<\/strong><\/td>\n<td bgcolor=\"#CCCCCC\"><strong>Tab.<\/strong><\/td>\n<td bgcolor=\"#CCCCCC\"><strong>Info<\/strong><\/td>\n<\/tr>\n<tr>\n<td>Nord<\/td>\n<td><\/td>\n<td><\/td>\n<td><\/td>\n<\/tr>\n<tr>\n<td>Mitte<\/td>\n<td><\/td>\n<td><\/td>\n<td><\/td>\n<\/tr>\n<tr>\n<td>S\u00fcd<\/td>\n<td><\/td>\n<td><\/td>\n<td><\/td>\n<\/tr>\n<tr>\n<td bgcolor=\"#CCCCCC\"><strong>1.KK<\/strong><\/td>\n<td bgcolor=\"#CCCCCC\"><strong>1977-78<\/strong><\/td>\n<td bgcolor=\"#CCCCCC\"><strong>Tab.<\/strong><\/td>\n<td bgcolor=\"#CCCCCC\"><strong>Info<\/strong><\/td>\n<\/tr>\n<tr>\n<td>Nord<\/td>\n<td><\/td>\n<td><\/td>\n<td><\/td>\n<\/tr>\n<tr>\n<td>Mitte<\/td>\n<td><\/td>\n<td><\/td>\n<td><\/td>\n<\/tr>\n<tr>\n<td>S\u00fcd<\/td>\n<td><\/td>\n<td><\/td>\n<td><\/td>\n<\/tr>\n<tr>\n<td bgcolor=\"#CCCCCC\"><strong>1.KK<\/strong><\/td>\n<td bgcolor=\"#CCCCCC\"><strong>1978-79<\/strong><\/td>\n<td bgcolor=\"#CCCCCC\"><strong>Tab.<\/strong><\/td>\n<td bgcolor=\"#CCCCCC\"><strong>Info<\/strong><\/td>\n<\/tr>\n<tr>\n<td>Nord<\/td>\n<td><\/td>\n<td><\/td>\n<td><\/td>\n<\/tr>\n<tr>\n<td>Mitte<\/td>\n<td><\/td>\n<td><\/td>\n<td><\/td>\n<\/tr>\n<tr>\n<td>S\u00fcd<\/td>\n<td><\/td>\n<td><\/td>\n<td><\/td>\n<\/tr>\n<tr>\n<td bgcolor=\"#CCCCCC\"><strong>1.KK<\/strong><\/td>\n<td bgcolor=\"#CCCCCC\"><strong>1979-80<\/strong><\/td>\n<td bgcolor=\"#CCCCCC\"><strong>Tab.<\/strong><\/td>\n<td bgcolor=\"#CCCCCC\"><strong>Info<\/strong><\/td>\n<\/tr>\n<tr>\n<td>Nord<\/td>\n<td>SV Esterwegen<\/td>\n<td><\/td>\n<td><\/td>\n<\/tr>\n<tr>\n<td>Mitte<\/td>\n<td>Spvg. Ahmsen-V.<\/td>\n<td>\n<div align=\"center\"><a title=\"Tabelle 1KK M 1979-80\" href=\"http:\/\/www.emslandkicker.de\/?page_id=500\"><img decoding=\"async\" src=\"https:\/\/i0.wp.com\/www.emslandkicker.de\/wp-content\/uploads\/nostalgie\/icons\/tab24.png?w=610\" alt=\"Tabelle 1KK M 1979-80\" data-recalc-dims=\"1\" \/><\/a><\/div>\n<\/td>\n<td><\/td>\n<\/tr>\n<tr>\n<td>S\u00fcd<\/td>\n<td>FC Schapen<\/td>\n<td><\/td>\n<td><\/td>\n<\/tr>\n<tr>\n<td><\/td>\n<td><\/td>\n<td><\/td>\n<td><\/td>\n<\/tr>\n<tr>\n<td bgcolor=\"#CCCCCC\"><strong>1.KK<\/strong><\/td>\n<td bgcolor=\"#CCCCCC\"><strong>1980-81<\/strong><\/td>\n<td bgcolor=\"#CCCCCC\"><\/td>\n<td bgcolor=\"#CCCCCC\"><\/td>\n<\/tr>\n<tr>\n<td>Nord<\/td>\n<td>RW Heede<\/td>\n<td><\/td>\n<td><\/td>\n<\/tr>\n<tr>\n<td>Mitte<\/td>\n<td>Germ. Twist<\/td>\n<td><\/td>\n<td><\/td>\n<\/tr>\n<tr>\n<td>S\u00fcd<\/td>\n<td>SV Holthausen-B. 2<\/td>\n<td><\/td>\n<td><\/td>\n<\/tr>\n<tr>\n<td><\/td>\n<td><\/td>\n<td><\/td>\n<td><\/td>\n<\/tr>\n<tr>\n<td bgcolor=\"#CCCCCC\"><strong>1.KK<\/strong><\/td>\n<td bgcolor=\"#CCCCCC\"><strong>1981-82<\/strong><\/td>\n<td bgcolor=\"#CCCCCC\"><\/td>\n<td bgcolor=\"#CCCCCC\"><\/td>\n<\/tr>\n<tr>\n<td>Nordwest<\/td>\n<td>Viktr. Ahlen-St.<\/td>\n<td><\/td>\n<td><\/td>\n<\/tr>\n<tr>\n<td>Nordost<\/td>\n<td>SV Lahn<\/td>\n<td><\/td>\n<td><\/td>\n<\/tr>\n<tr>\n<td>S\u00fcdwest<\/td>\n<td>VfL Emslage 2<\/td>\n<td><\/td>\n<td><\/td>\n<\/tr>\n<tr>\n<td>S\u00fcdost<\/td>\n<td>SW Varenrode<\/td>\n<td><\/td>\n<td><\/td>\n<\/tr>\n<tr>\n<td><\/td>\n<td><\/td>\n<td><\/td>\n<td><\/td>\n<\/tr>\n<tr>\n<td bgcolor=\"#CCCCCC\"><strong>1.KK<\/strong><\/td>\n<td bgcolor=\"#CCCCCC\"><strong>1982-83<\/strong><\/td>\n<td bgcolor=\"#CCCCCC\"><\/td>\n<td bgcolor=\"#CCCCCC\"><\/td>\n<\/tr>\n<tr>\n<td>Nordwest<\/td>\n<td>SV Neulehe<\/td>\n<td><\/td>\n<td><\/td>\n<\/tr>\n<tr>\n<td>Nordost<\/td>\n<td>SG L\u00e4hden<\/td>\n<td><\/td>\n<td><\/td>\n<\/tr>\n<tr>\n<td>S\u00fcdwest<\/td>\n<td>Oly. Laxten 2<\/td>\n<td><\/td>\n<td><\/td>\n<\/tr>\n<tr>\n<td>S\u00fcdost<\/td>\n<td>SG Bramsche<\/td>\n<td><\/td>\n<td><\/td>\n<\/tr>\n<tr>\n<td><\/td>\n<td><\/td>\n<td><\/td>\n<td><\/td>\n<\/tr>\n<tr>\n<td bgcolor=\"#CCCCCC\"><strong>1.KK<\/strong><\/td>\n<td bgcolor=\"#CCCCCC\"><strong>1983-84<\/strong><\/td>\n<td bgcolor=\"#CCCCCC\"><\/td>\n<td bgcolor=\"#CCCCCC\"><\/td>\n<\/tr>\n<tr>\n<td>Nordwest<\/td>\n<td>GW Dersum<\/td>\n<td><\/td>\n<td><\/td>\n<\/tr>\n<tr>\n<td>Nordost<\/td>\n<td>SV Eltern<\/td>\n<td><\/td>\n<td><\/td>\n<\/tr>\n<tr>\n<td>S\u00fcdwest<\/td>\n<td>SV Bawinkel<\/td>\n<td><\/td>\n<td><\/td>\n<\/tr>\n<tr>\n<td>S\u00fcdost<\/td>\n<td>Germ. Thuine<\/td>\n<td><\/td>\n<td><\/td>\n<\/tr>\n<tr>\n<td><\/td>\n<td><\/td>\n<td><\/td>\n<td><\/td>\n<\/tr>\n<tr>\n<td bgcolor=\"#CCCCCC\"><strong>1.KK<\/strong><\/td>\n<td bgcolor=\"#CCCCCC\"><strong>1984-85<\/strong><\/td>\n<td bgcolor=\"#CCCCCC\"><\/td>\n<td bgcolor=\"#CCCCCC\"><\/td>\n<\/tr>\n<tr>\n<td>Nord<\/td>\n<td>Eintr. B\u00f6rger<\/td>\n<td><\/td>\n<td><\/td>\n<\/tr>\n<tr>\n<td>Mitte<\/td>\n<td>Hasel\u00fcnne 2<\/td>\n<td><\/td>\n<td><\/td>\n<\/tr>\n<tr>\n<td>S\u00fcd<\/td>\n<td>SG Bramsche<\/td>\n<td><\/td>\n<td><\/td>\n<\/tr>\n<tr>\n<td><\/td>\n<td><\/td>\n<td><\/td>\n<td><\/td>\n<\/tr>\n<tr>\n<td bgcolor=\"#CCCCCC\"><strong>1.KK<\/strong><\/td>\n<td bgcolor=\"#CCCCCC\"><strong>1985-86<\/strong><\/td>\n<td bgcolor=\"#CCCCCC\"><\/td>\n<td bgcolor=\"#CCCCCC\"><\/td>\n<\/tr>\n<tr>\n<td>Nord<\/td>\n<td>BW Lorup<\/td>\n<td><\/td>\n<td><\/td>\n<\/tr>\n<tr>\n<td>Mitte<\/td>\n<td>SF Schwefingen 2<\/td>\n<td><\/td>\n<td><\/td>\n<\/tr>\n<tr>\n<td>S\u00fcd<\/td>\n<td>SW Varenode<\/td>\n<td><\/td>\n<td><\/td>\n<\/tr>\n<tr>\n<td><\/td>\n<td><\/td>\n<td><\/td>\n<td><\/td>\n<\/tr>\n<tr>\n<td bgcolor=\"#CCCCCC\"><strong>1.KK<\/strong><\/td>\n<td bgcolor=\"#CCCCCC\"><strong>1986-87<\/strong><\/td>\n<td bgcolor=\"#CCCCCC\"><\/td>\n<td bgcolor=\"#CCCCCC\"><\/td>\n<\/tr>\n<tr>\n<td>Nord<\/td>\n<td>Amisia Papenburg 2<\/td>\n<td><\/td>\n<td><\/td>\n<\/tr>\n<tr>\n<td>Mitte<\/td>\n<td>SV Erika-A.<\/td>\n<td><\/td>\n<td><\/td>\n<\/tr>\n<tr>\n<td>S\u00fcd<\/td>\n<td>SG Freren 2<\/td>\n<td><\/td>\n<td><\/td>\n<\/tr>\n<tr>\n<td><\/td>\n<td><\/td>\n<td><\/td>\n<td><\/td>\n<\/tr>\n<tr>\n<td bgcolor=\"#CCCCCC\"><strong>1.KK<\/strong><\/td>\n<td bgcolor=\"#CCCCCC\"><strong>1987-88<\/strong><\/td>\n<td bgcolor=\"#CCCCCC\"><\/td>\n<td bgcolor=\"#CCCCCC\"><\/td>\n<\/tr>\n<tr>\n<td>Nord<\/td>\n<td>Eintr. Brual<\/td>\n<td><\/td>\n<td><\/td>\n<\/tr>\n<tr>\n<td>Mitte<\/td>\n<td>Eintr. Ber\u00dfen<\/td>\n<td><\/td>\n<td><\/td>\n<\/tr>\n<tr>\n<td>S\u00fcd<\/td>\n<td>SV Lengerich-H.<\/td>\n<td><\/td>\n<td><\/td>\n<\/tr>\n<tr>\n<td><\/td>\n<td><\/td>\n<td><\/td>\n<td><\/td>\n<\/tr>\n<tr>\n<td bgcolor=\"#CCCCCC\"><strong>1.KK<\/strong><\/td>\n<td bgcolor=\"#CCCCCC\"><strong>1988-89<\/strong><\/td>\n<td bgcolor=\"#CCCCCC\"><\/td>\n<td bgcolor=\"#CCCCCC\"><\/td>\n<\/tr>\n<tr>\n<td>Nord<\/td>\n<td>SV Wippingen<\/td>\n<td><\/td>\n<td><\/td>\n<\/tr>\n<tr>\n<td>Mitte<\/td>\n<td>DJK Geeste<\/td>\n<td><\/td>\n<td><\/td>\n<\/tr>\n<tr>\n<td>S\u00fcd<\/td>\n<td>SG Freren 2<\/td>\n<td><\/td>\n<td><\/td>\n<\/tr>\n<tr>\n<td><\/td>\n<td><\/td>\n<td><\/td>\n<td><\/td>\n<\/tr>\n<tr>\n<td bgcolor=\"#CCCCCC\"><strong>1.KK<\/strong><\/td>\n<td bgcolor=\"#CCCCCC\"><strong>1989-90<\/strong><\/td>\n<td bgcolor=\"#CCCCCC\"><\/td>\n<td bgcolor=\"#CCCCCC\"><\/td>\n<\/tr>\n<tr>\n<td>Nord<\/td>\n<td>Germ. 08 Papenburg 2<\/td>\n<td><\/td>\n<td><\/td>\n<\/tr>\n<tr>\n<td>Mitte<\/td>\n<td>SV Eltern<\/td>\n<td><\/td>\n<td><\/td>\n<\/tr>\n<tr>\n<td>S\u00fcd<\/td>\n<td>TuS Lingen 2<\/td>\n<td><\/td>\n<td><\/td>\n<\/tr>\n<tr>\n<td><\/td>\n<td><\/td>\n<td><\/td>\n<td><\/td>\n<\/tr>\n<tr>\n<td bgcolor=\"#CCCCCC\"><strong>1.KK<\/strong><\/td>\n<td bgcolor=\"#CCCCCC\"><strong>1990-91<\/strong><\/td>\n<td bgcolor=\"#CCCCCC\"><\/td>\n<td bgcolor=\"#CCCCCC\"><\/td>\n<\/tr>\n<tr>\n<td>Nord<\/td>\n<td>SV Herbrum<\/td>\n<td><\/td>\n<td><\/td>\n<\/tr>\n<tr>\n<td>Mitte<\/td>\n<td>SG L\u00e4hden<\/td>\n<td><\/td>\n<td><\/td>\n<\/tr>\n<tr>\n<td>S\u00fcd<\/td>\n<td>BV Clusorth Bramhar<\/td>\n<td><\/td>\n<td><\/td>\n<\/tr>\n<tr>\n<td><\/td>\n<td><\/td>\n<td><\/td>\n<td><\/td>\n<\/tr>\n<tr>\n<td bgcolor=\"#CCCCCC\"><strong>1.KK<\/strong><\/td>\n<td bgcolor=\"#CCCCCC\"><strong>1991-92<\/strong><\/td>\n<td bgcolor=\"#CCCCCC\"><\/td>\n<td bgcolor=\"#CCCCCC\"><\/td>\n<\/tr>\n<tr>\n<td>Nord<\/td>\n<td>SV Werpeloh<\/td>\n<td><\/td>\n<td><\/td>\n<\/tr>\n<tr>\n<td>Mitte<\/td>\n<td>Germ. Twit<\/td>\n<td><\/td>\n<td><\/td>\n<\/tr>\n<tr>\n<td>S\u00fcd<\/td>\n<td>Viktr. Gersten<\/td>\n<td><\/td>\n<td><\/td>\n<\/tr>\n<tr>\n<td><\/td>\n<td><\/td>\n<td><\/td>\n<td><\/td>\n<\/tr>\n<tr>\n<td bgcolor=\"#CCCCCC\"><strong>1.KK<\/strong><\/td>\n<td bgcolor=\"#CCCCCC\"><strong>1992-93<\/strong><\/td>\n<td bgcolor=\"#CCCCCC\"><\/td>\n<td bgcolor=\"#CCCCCC\"><\/td>\n<\/tr>\n<tr>\n<td>Nord<\/td>\n<td>Eintr. Papenburg<\/td>\n<td><\/td>\n<td><\/td>\n<\/tr>\n<tr>\n<td>Mitte<\/td>\n<td>FC Wesuwe<\/td>\n<td><\/td>\n<td><\/td>\n<\/tr>\n<tr>\n<td>S\u00fcd<\/td>\n<td>SW Varenrode<\/td>\n<td><\/td>\n<td><\/td>\n<\/tr>\n<tr>\n<td><\/td>\n<td><\/td>\n<td><\/td>\n<td><\/td>\n<\/tr>\n<tr>\n<td bgcolor=\"#CCCCCC\"><strong>1.KK<\/strong><\/td>\n<td bgcolor=\"#CCCCCC\"><strong>1993-94<\/strong><\/td>\n<td bgcolor=\"#CCCCCC\"><\/td>\n<td bgcolor=\"#CCCCCC\"><\/td>\n<\/tr>\n<tr>\n<td>Nord<\/td>\n<td>GW Spahnharrenst\u00e4tte<\/td>\n<td><\/td>\n<td><\/td>\n<\/tr>\n<tr>\n<td>Mitte<\/td>\n<td>SV Hemsen<\/td>\n<td><\/td>\n<td><\/td>\n<\/tr>\n<tr>\n<td>S\u00fcd<\/td>\n<td>Eintr. Schepsdorf<\/td>\n<td><\/td>\n<td><\/td>\n<\/tr>\n<tr>\n<td><\/td>\n<td><\/td>\n<td><\/td>\n<td><\/td>\n<\/tr>\n<tr>\n<td bgcolor=\"#CCCCCC\"><strong>1.KK<\/strong><\/td>\n<td bgcolor=\"#CCCCCC\"><strong>1994-95<\/strong><\/td>\n<td bgcolor=\"#CCCCCC\"><\/td>\n<td bgcolor=\"#CCCCCC\"><\/td>\n<\/tr>\n<tr>\n<td>Nord<\/td>\n<td>SV Fresenburg<\/td>\n<td><\/td>\n<td><\/td>\n<\/tr>\n<tr>\n<td>Mitte<\/td>\n<td>SV Dalum<\/td>\n<td><\/td>\n<td><\/td>\n<\/tr>\n<tr>\n<td>S\u00fcd<\/td>\n<td>FC Leschede 2<\/td>\n<td><\/td>\n<td><\/td>\n<\/tr>\n<\/tbody>\n<\/table>\n<div class=\"sharedaddy sd-sharing-enabled\"><div class=\"robots-nocontent sd-block sd-social sd-social-official sd-sharing\"><h3 class=\"sd-title\">Teilen mit:<\/h3><div class=\"sd-content\"><ul><li class=\"share-facebook\"><div class=\"fb-share-button\" data-href=\"http:\/\/www.emslandkicker.de\/?page_id=592\" data-layout=\"button_count\"><\/div><\/li><li class=\"share-twitter\"><a href=\"https:\/\/twitter.com\/share\" class=\"twitter-share-button\" data-url=\"http:\/\/www.emslandkicker.de\/?page_id=592\" data-text=\"Meister 1. Kreisklasse bis 1995\" data-via=\"Emslandkicker\" >Tweet<\/a><\/li><li class=\"share-email\"><a rel=\"nofollow noopener noreferrer\" data-shared=\"\" class=\"share-email sd-button\" href=\"mailto:?subject=%5BGeteilter%20Beitrag%5D%20Meister%201.%20Kreisklasse%20bis%201995&body=http%3A%2F%2Fwww.emslandkicker.de%2F%3Fpage_id%3D592&share=email\" target=\"_blank\" title=\"Click to email a link to a friend\" data-email-share-error-title=\"Do you have email set up?\" data-email-share-error-text=\"If you&#039;re having problems sharing via email, you might not have email set up for your browser. You may need to create a new email yourself.\" data-email-share-nonce=\"2d5867a454\" data-email-share-track-url=\"http:\/\/www.emslandkicker.de\/?page_id=592&amp;share=email\"><span>E-Mail<\/span><\/a><\/li><li class=\"share-print\"><a rel=\"nofollow noopener noreferrer\" data-shared=\"\" class=\"share-print sd-button\" href=\"http:\/\/www.emslandkicker.de\/?page_id=592\" target=\"_blank\" title=\"Klicken zum Ausdrucken\" ><span>Drucken<\/span><\/a><\/li><li class=\"share-end\"><\/li><\/ul><\/div><\/div><\/div>","protected":false},"excerpt":{"rendered":"<p>1.KK 1968-69 Tab. Info Nord Mitte VfL Herzlake S\u00fcd 1.KK 1969-70 Tab. Info Nord Mitte Germ. Twist S\u00fcd 1.KK 1970-71 Tab. Info Nord Mitte Grenzl. Twist S\u00fcd 1.KK 1971-72 Tab. Info Nord Mitte FC Wesuwe S\u00fcd 1.KK 1972-73 Tab. Info Nord Mitte Conc Sch\u00f6ninghsdorf S\u00fcd 1.KK 1973-74 Tab. Info Nord Mitte S\u00fcd 1.KK 1974-75 Tab. [&hellip;]<\/p>\n<div class=\"sharedaddy sd-sharing-enabled\"><div class=\"robots-nocontent sd-block sd-social sd-social-official sd-sharing\"><h3 class=\"sd-title\">Teilen mit:<\/h3><div class=\"sd-content\"><ul><li class=\"share-facebook\"><div class=\"fb-share-button\" data-href=\"http:\/\/www.emslandkicker.de\/?page_id=592\" data-layout=\"button_count\"><\/div><\/li><li class=\"share-twitter\"><a href=\"https:\/\/twitter.com\/share\" class=\"twitter-share-button\" data-url=\"http:\/\/www.emslandkicker.de\/?page_id=592\" data-text=\"Meister 1. Kreisklasse bis 1995\" data-via=\"Emslandkicker\" >Tweet<\/a><\/li><li class=\"share-email\"><a rel=\"nofollow noopener noreferrer\" data-shared=\"\" class=\"share-email sd-button\" href=\"mailto:?subject=%5BGeteilter%20Beitrag%5D%20Meister%201.%20Kreisklasse%20bis%201995&body=http%3A%2F%2Fwww.emslandkicker.de%2F%3Fpage_id%3D592&share=email\" target=\"_blank\" title=\"Click to email a link to a friend\" data-email-share-error-title=\"Do you have email set up?\" data-email-share-error-text=\"If you&#039;re having problems sharing via email, you might not have email set up for your browser. You may need to create a new email yourself.\" data-email-share-nonce=\"2d5867a454\" data-email-share-track-url=\"http:\/\/www.emslandkicker.de\/?page_id=592&amp;share=email\"><span>E-Mail<\/span><\/a><\/li><li class=\"share-print\"><a rel=\"nofollow noopener noreferrer\" data-shared=\"\" class=\"share-print sd-button\" href=\"http:\/\/www.emslandkicker.de\/?page_id=592\" target=\"_blank\" title=\"Klicken zum Ausdrucken\" ><span>Drucken<\/span><\/a><\/li><li class=\"share-end\"><\/li><\/ul><\/div><\/div><\/div>","protected":false},"author":1,"featured_media":203,"parent":420,"menu_order":104,"comment_status":"open","ping_status":"open","template":"","meta":{"footnotes":""},"class_list":["post-592","page","type-page","status-publish","has-post-thumbnail","hentry"],"jetpack_sharing_enabled":true,"jetpack_shortlink":"https:\/\/wp.me\/P5etIj-9y","jetpack-related-posts":[{"id":614,"url":"http:\/\/www.emslandkicker.de\/?page_id=614","url_meta":{"origin":592,"position":0},"title":"Meister Bezirksklasse seit 1949-50","date":"13. November 2014","format":false,"excerpt":"Saison Bezirksklasse EL Tab. 1949-50 Hasel\u00fcnner SV 1950-51 TuS Lingen 1951-52 SV Dalum 1952-53 Hasel\u00fcnner SV 1953-54 TuS Lingen 1954-55 Union Meppen 1955-56 1956-57 SV Meppen 1957-58 1958-59 1959-60 Conc. Emsb\u00fcrren 1960-61 1961-62 Alem. Salzbergen 1962-63 Eintr. Nordhorn 2 1963-64 Amisia Papenburg 1964-65 SF Schwefingen 1965-66 Union Meppen 1966-67 Sparta\u2026","rel":"","context":"Similar post","img":{"alt_text":"","src":"","width":0,"height":0},"classes":[]},{"id":595,"url":"http:\/\/www.emslandkicker.de\/?page_id=595","url_meta":{"origin":592,"position":1},"title":"Meister 2. Kreisklasse bis 1995","date":"12. November 2014","format":false,"excerpt":"2.KK 1979-80 Nord SV Hilkenbrock Mitte A Eintr. Emmeln Mitte B Conc. Schleper S\u00fcd SV Holthausen-B. 2 2.KK 1980-81 Nord Raspo B\u00f6rgermoor 2 Mitte A SV Neuringe Mitte B Spvg. H\u00fclsen-W. S\u00fcd Oly. Laxten 3 2.KK 1981-82 Nord GW Dersum Mitte A SV Neub\u00f6rger 2 Mitte B SC Apeldorn S\u00fcd\u2026","rel":"","context":"Similar post","img":{"alt_text":"","src":"","width":0,"height":0},"classes":[]},{"id":453,"url":"http:\/\/www.emslandkicker.de\/?page_id=453","url_meta":{"origin":592,"position":2},"title":"Kreisligameister bis 1995","date":"8. November 2014","format":false,"excerpt":"Kreisliga 1976-77 [Einf\u00fchrung der Kreisligen] Tab. Nord Mitte VfL Emslage S\u00fcd Kreisliga 1977-78 Nord Mitte SV Dalum S\u00fcd Kreisliga 1978-79 Nord Sigiltra S\u00f6gel Mitte DJK Fehndorf S\u00fcd Kreisliga 1979-80 Nord Germ. 08 Papenburg * Mitte SV Erika-A. S\u00fcd Germ. Thuine Kreisliga 1980-81 Nord FC Bockholte Mitte TuS Haren S\u00fcd SG\u2026","rel":"","context":"Similar post","img":{"alt_text":"","src":"","width":0,"height":0},"classes":[]},{"id":969,"url":"http:\/\/www.emslandkicker.de\/?page_id=969","url_meta":{"origin":592,"position":3},"title":"Tabelle 1. Kreisklasse Mitte 1968-69","date":"9. Dezember 2014","format":false,"excerpt":"1. Kreisklasse Mitte 1968-69 Pl. Verein Sp S U N Tore Diff Pkt. 1. VfL Herzlake 30 25 2 3 95 : 26 69 52 : 8 2. SV Dalum 30 24 3 3 108 : 36 72 51 : 9 3. Grenzl. Twist 30 19 6 5 91 :\u2026","rel":"","context":"Similar post","img":{"alt_text":"","src":"","width":0,"height":0},"classes":[]},{"id":815,"url":"http:\/\/www.emslandkicker.de\/?page_id=815","url_meta":{"origin":592,"position":4},"title":"Tabelle 1. Kreisklasse Mitte 1975-76","date":"28. November 2014","format":false,"excerpt":"1. Kreisklasse Mitte 1975-76 Pl. Verein Sp Tore Diff Pkt. 1. FC Wesuwe 32 99 : 33 66 52 : 12 2. VfL Emslage 32 63 : 28 35 43 : 21 3. Germ. Twist 32 59 : 47 12 42 : 22 4. SV Dalum 32 72 : 41\u2026","rel":"","context":"Similar post","img":{"alt_text":"","src":"","width":0,"height":0},"classes":[]},{"id":967,"url":"http:\/\/www.emslandkicker.de\/?page_id=967","url_meta":{"origin":592,"position":5},"title":"Tabelle 1. Kreisklasse Mitte 1969-70","date":"9. Dezember 2014","format":false,"excerpt":"1. Kreisklasse Mitte 1969-70 Pl. Verein Sp S U N Tore Diff Pkt. 1. Germ. Twist 30 22 5 3 66 : 31 35 49 : 11 2. Grenzl. Twist 30 21 4 5 92 : 37 55 46 : 14 3. SV Dalum 30 18 7 5 89 :\u2026","rel":"","context":"Similar post","img":{"alt_text":"","src":"","width":0,"height":0},"classes":[]}],"jetpack_likes_enabled":true,"_links":{"self":[{"href":"http:\/\/www.emslandkicker.de\/index.php?rest_route=\/wp\/v2\/pages\/592","targetHints":{"allow":["GET"]}}],"collection":[{"href":"http:\/\/www.emslandkicker.de\/index.php?rest_route=\/wp\/v2\/pages"}],"about":[{"href":"http:\/\/www.emslandkicker.de\/index.php?rest_route=\/wp\/v2\/types\/page"}],"author":[{"embeddable":true,"href":"http:\/\/www.emslandkicker.de\/index.php?rest_route=\/wp\/v2\/users\/1"}],"replies":[{"embeddable":true,"href":"http:\/\/www.emslandkicker.de\/index.php?rest_route=%2Fwp%2Fv2%2Fcomments&post=592"}],"version-history":[{"count":0,"href":"http:\/\/www.emslandkicker.de\/index.php?rest_route=\/wp\/v2\/pages\/592\/revisions"}],"up":[{"embeddable":true,"href":"http:\/\/www.emslandkicker.de\/index.php?rest_route=\/wp\/v2\/pages\/420"}],"wp:featuredmedia":[{"embeddable":true,"href":"http:\/\/www.emslandkicker.de\/index.php?rest_route=\/wp\/v2\/media\/203"}],"wp:attachment":[{"href":"http:\/\/www.emslandkicker.de\/index.php?rest_route=%2Fwp%2Fv2%2Fmedia&parent=592"}],"curies":[{"name":"wp","href":"https:\/\/api.w.org\/{rel}","templated":true}]}}