{"id":659,"date":"2014-11-13T21:39:14","date_gmt":"2014-11-13T19:39:14","guid":{"rendered":"http:\/\/www.emslandkicker.de\/?page_id=659"},"modified":"2014-11-14T15:16:42","modified_gmt":"2014-11-14T13:16:42","slug":"sv-trotzte-borussia-dortmund-ein-11-ab","status":"publish","type":"page","link":"http:\/\/www.emslandkicker.de\/?page_id=659","title":{"rendered":"SV trotzte Borussia Dortmund ein 1:1 ab"},"content":{"rendered":"<div class=\"pdfprnt-buttons pdfprnt-buttons-page pdfprnt-top-right\"><a href=\"http:\/\/www.emslandkicker.de\/index.php?rest_route=%2Fwp%2Fv2%2Fpages%2F659&print=pdf\" class=\"pdfprnt-button pdfprnt-button-pdf\" target=\"_blank\"><img decoding=\"async\" src=\"https:\/\/i0.wp.com\/www.emslandkicker.de\/wp-content\/plugins\/pdf-print\/images\/pdf.png?w=610\" alt=\"image_pdf\" title=\"View PDF\" data-recalc-dims=\"1\" \/><\/a><a href=\"http:\/\/www.emslandkicker.de\/index.php?rest_route=%2Fwp%2Fv2%2Fpages%2F659&print=print\" class=\"pdfprnt-button pdfprnt-button-print\" target=\"_blank\"><img decoding=\"async\" src=\"https:\/\/i0.wp.com\/www.emslandkicker.de\/wp-content\/plugins\/pdf-print\/images\/print.png?w=610\" alt=\"image_print\" title=\"Print Content\" data-recalc-dims=\"1\" \/><\/a><\/div><p><img decoding=\"async\" src=\"https:\/\/i0.wp.com\/www.emslandkicker.de\/wp-content\/uploads\/nostalgie\/1986-87\/svm-1986-87-ecco.jpg?w=610\" alt=\"SV Meppen - BvB Dortmund\" data-recalc-dims=\"1\" \/><br \/>\nR\u00fcckhalt in der Meppener Abwehr: Eckhard Vorhold (l.), Hermann R\u00fclander (m.) und Hermann Eiting (r.) wollen in der neuen Saison Gegentore verhindern. Der 18j\u00e4hrige Vorhold hat sich inzwischen zum Stammspieler gemausert und spielt eine wichtige Rolle beim SV. R\u00fclander befindet sich auch in guter Verfassung. So oft wie im Vorjahr will er jetzt nicht wieder hinter sich greifen. daf\u00fcr soll auch Libero Eiting sorgen, damit die Emsl\u00e4nder bei der Vergabe der vorderen Pl\u00e4tze ein gewichtiges W\u00f6rtchen mitreden k\u00f6nnen. Eine Steigerung war im letzten Jahr unverkennbar.<\/p>\n<p>Quelle: Verlagsbeilage Meppener Tagespost<\/p>\n<div class=\"sharedaddy sd-sharing-enabled\"><div class=\"robots-nocontent sd-block sd-social sd-social-official sd-sharing\"><h3 class=\"sd-title\">Teilen mit:<\/h3><div class=\"sd-content\"><ul><li class=\"share-facebook\"><div class=\"fb-share-button\" data-href=\"http:\/\/www.emslandkicker.de\/?page_id=659\" data-layout=\"button_count\"><\/div><\/li><li class=\"share-twitter\"><a href=\"https:\/\/twitter.com\/share\" class=\"twitter-share-button\" data-url=\"http:\/\/www.emslandkicker.de\/?page_id=659\" data-text=\"SV trotzte Borussia Dortmund ein 1:1 ab\" data-via=\"Emslandkicker\" >Tweet<\/a><\/li><li class=\"share-email\"><a rel=\"nofollow noopener noreferrer\" data-shared=\"\" class=\"share-email sd-button\" href=\"mailto:?subject=%5BGeteilter%20Beitrag%5D%20SV%20trotzte%20Borussia%20Dortmund%20ein%201%3A1%20ab&body=http%3A%2F%2Fwww.emslandkicker.de%2F%3Fpage_id%3D659&share=email\" target=\"_blank\" title=\"Click to email a link to a friend\" data-email-share-error-title=\"Do you have email set up?\" data-email-share-error-text=\"If you&#039;re having problems sharing via email, you might not have email set up for your browser. You may need to create a new email yourself.\" data-email-share-nonce=\"0f15fbc246\" data-email-share-track-url=\"http:\/\/www.emslandkicker.de\/?page_id=659&amp;share=email\"><span>E-Mail<\/span><\/a><\/li><li class=\"share-print\"><a rel=\"nofollow noopener noreferrer\" data-shared=\"\" class=\"share-print sd-button\" href=\"http:\/\/www.emslandkicker.de\/?page_id=659\" target=\"_blank\" title=\"Klicken zum Ausdrucken\" ><span>Drucken<\/span><\/a><\/li><li class=\"share-end\"><\/li><\/ul><\/div><\/div><\/div>","protected":false},"excerpt":{"rendered":"<p>R\u00fcckhalt in der Meppener Abwehr: Eckhard Vorhold (l.), Hermann R\u00fclander (m.) und Hermann Eiting (r.) wollen in der neuen Saison Gegentore verhindern. Der 18j\u00e4hrige Vorhold hat sich inzwischen zum Stammspieler gemausert und spielt eine wichtige Rolle beim SV. R\u00fclander befindet sich auch in guter Verfassung. So oft wie im Vorjahr will er jetzt nicht wieder [&hellip;]<\/p>\n<div class=\"sharedaddy sd-sharing-enabled\"><div class=\"robots-nocontent sd-block sd-social sd-social-official sd-sharing\"><h3 class=\"sd-title\">Teilen mit:<\/h3><div class=\"sd-content\"><ul><li class=\"share-facebook\"><div class=\"fb-share-button\" data-href=\"http:\/\/www.emslandkicker.de\/?page_id=659\" data-layout=\"button_count\"><\/div><\/li><li class=\"share-twitter\"><a href=\"https:\/\/twitter.com\/share\" class=\"twitter-share-button\" data-url=\"http:\/\/www.emslandkicker.de\/?page_id=659\" data-text=\"SV trotzte Borussia Dortmund ein 1:1 ab\" data-via=\"Emslandkicker\" >Tweet<\/a><\/li><li class=\"share-email\"><a rel=\"nofollow noopener noreferrer\" data-shared=\"\" class=\"share-email sd-button\" href=\"mailto:?subject=%5BGeteilter%20Beitrag%5D%20SV%20trotzte%20Borussia%20Dortmund%20ein%201%3A1%20ab&body=http%3A%2F%2Fwww.emslandkicker.de%2F%3Fpage_id%3D659&share=email\" target=\"_blank\" title=\"Click to email a link to a friend\" data-email-share-error-title=\"Do you have email set up?\" data-email-share-error-text=\"If you&#039;re having problems sharing via email, you might not have email set up for your browser. You may need to create a new email yourself.\" data-email-share-nonce=\"0f15fbc246\" data-email-share-track-url=\"http:\/\/www.emslandkicker.de\/?page_id=659&amp;share=email\"><span>E-Mail<\/span><\/a><\/li><li class=\"share-print\"><a rel=\"nofollow noopener noreferrer\" data-shared=\"\" class=\"share-print sd-button\" href=\"http:\/\/www.emslandkicker.de\/?page_id=659\" target=\"_blank\" title=\"Klicken zum Ausdrucken\" ><span>Drucken<\/span><\/a><\/li><li class=\"share-end\"><\/li><\/ul><\/div><\/div><\/div>","protected":false},"author":1,"featured_media":203,"parent":621,"menu_order":21,"comment_status":"open","ping_status":"open","template":"","meta":{"footnotes":""},"class_list":["post-659","page","type-page","status-publish","has-post-thumbnail","hentry"],"jetpack_sharing_enabled":true,"jetpack_shortlink":"https:\/\/wp.me\/P5etIj-aD","jetpack-related-posts":[{"id":420,"url":"http:\/\/www.emslandkicker.de\/?page_id=420","url_meta":{"origin":659,"position":0},"title":"Fu\u00dfball-Nostalgie Emsland","date":"7. November 2014","format":false,"excerpt":"Das Emsland hat eine Traditionsreiche Vergangenheit und vor allem mit dem SV Meppen einen ehemaligen Zweitligisten in seinen Reihen. Meppen wurde mit dem Aufstieg 1986-87 deutschlandweit bekannt und Toni Schumacher beteiligte sich auch unfreiwillig daran... Ich werde hier von Zeit zu Zeit Beitr\u00e4ge so wie Tabelle aus der Vergangenheit des\u2026","rel":"","context":"Similar post","img":{"alt_text":"","src":"","width":0,"height":0},"classes":[]},{"id":483,"url":"http:\/\/www.emslandkicker.de\/?page_id=483","url_meta":{"origin":659,"position":1},"title":"Kreisliga 1991-92","date":"9. November 2014","format":false,"excerpt":"Wer stoppt den SV Holte? Schleper in Lauerstellung - SV Teglingen Geheimfavorit Dreimal belegte der SV Holte in den vergangenen vier Jahren den zweiten Tabellenrang, wobei in der Saison 1988\/89 der Sprung in die Bezirksklasse erst im Qualifikationsspiel gegen Eintr. Nordhorn 2 denkbar knapp verfehlt wurde. Diesmal aber wollen es\u2026","rel":"","context":"Similar post","img":{"alt_text":"","src":"","width":0,"height":0},"classes":[]},{"id":887,"url":"http:\/\/www.emslandkicker.de\/?page_id=887","url_meta":{"origin":659,"position":2},"title":"SV Dalum 1977-78","date":"4. Dezember 2014","format":false,"excerpt":"SV Dalum 1977-78 Mannschaftskader Meisterelf Betreuer Willi Jansen, Hermann-Josef Rosken, Heinz Blaauw, Josef Lammers, Helmut Titze, Helmut Tallen, Reinhard Pohl, Bernd Plagge, Hermann Lammers, Wilfried eckelhofs, Hermann Rosken, Thomas Rennock, Hubert Egbers, Willi Meyer, Hubert Rosken, Werner Hessel, Leo Pott, Detlef Engler","rel":"","context":"Similar post","img":{"alt_text":"","src":"","width":0,"height":0},"classes":[]},{"id":536,"url":"http:\/\/www.emslandkicker.de\/?page_id=536","url_meta":{"origin":659,"position":3},"title":"SV Meppen &#8211; Ligachronik","date":"10. November 2014","format":false,"excerpt":"Verein Saison Liga Platz Tab. SV Meppen 1947-48 Verbandsliga Weser-Ems 10. SV Meppen 1948-49 Verbandsliga Weser-Ems 12. SV Meppen 1949-50 Amateurliga 2 6. SV Meppen 1950-51 Amateurliga 2 4. SV Meppen 1951-52 Amateurliga 2 West 8. SV Meppen 1952-53 Amateurliga 2 9. SV Meppen 1953-54 Amateurliga 2 14. SV Meppen\u2026","rel":"","context":"Similar post","img":{"alt_text":"","src":"","width":0,"height":0},"classes":[]},{"id":892,"url":"http:\/\/www.emslandkicker.de\/?page_id=892","url_meta":{"origin":659,"position":4},"title":"SV Dalum 1986-87","date":"4. Dezember 2014","format":false,"excerpt":"SV Dalum 1986-87 Mannschaftskader Abg\u00e4nge: Matthis Topphoff (SF Schwefingen), Reinhold Robben (Laufbahnende) Zug\u00e4nge: Hermann Kuper (VfL Emslage), Frank Aepken, Detlef Els, Werner Bormes, Hermann L\u00fcken, Frank Steffens und Michael Keute (alle Eigene Junioren) Matthias Pache, Frank Aepken, Detlef Els, Werner Bormes, Hermann L\u00fcken, Frank Steffens, Michael Keute, Rolf Lehmann, Heinz\u2026","rel":"","context":"Similar post","img":{"alt_text":"","src":"","width":0,"height":0},"classes":[]},{"id":251,"url":"http:\/\/www.emslandkicker.de\/?page_id=251","url_meta":{"origin":659,"position":5},"title":"SV Meppen","date":"23. Oktober 2014","format":false,"excerpt":"","rel":"","context":"Similar post","img":{"alt_text":"","src":"","width":0,"height":0},"classes":[]}],"jetpack_likes_enabled":true,"_links":{"self":[{"href":"http:\/\/www.emslandkicker.de\/index.php?rest_route=\/wp\/v2\/pages\/659","targetHints":{"allow":["GET"]}}],"collection":[{"href":"http:\/\/www.emslandkicker.de\/index.php?rest_route=\/wp\/v2\/pages"}],"about":[{"href":"http:\/\/www.emslandkicker.de\/index.php?rest_route=\/wp\/v2\/types\/page"}],"author":[{"embeddable":true,"href":"http:\/\/www.emslandkicker.de\/index.php?rest_route=\/wp\/v2\/users\/1"}],"replies":[{"embeddable":true,"href":"http:\/\/www.emslandkicker.de\/index.php?rest_route=%2Fwp%2Fv2%2Fcomments&post=659"}],"version-history":[{"count":0,"href":"http:\/\/www.emslandkicker.de\/index.php?rest_route=\/wp\/v2\/pages\/659\/revisions"}],"up":[{"embeddable":true,"href":"http:\/\/www.emslandkicker.de\/index.php?rest_route=\/wp\/v2\/pages\/621"}],"wp:featuredmedia":[{"embeddable":true,"href":"http:\/\/www.emslandkicker.de\/index.php?rest_route=\/wp\/v2\/media\/203"}],"wp:attachment":[{"href":"http:\/\/www.emslandkicker.de\/index.php?rest_route=%2Fwp%2Fv2%2Fmedia&parent=659"}],"curies":[{"name":"wp","href":"https:\/\/api.w.org\/{rel}","templated":true}]}}

<div class="pdfprnt-buttons pdfprnt-buttons-page pdfprnt-top-right"><a href="http://www.emslandkicker.de/index.php?rest_route=%2Fwp%2Fv2%2Fpages%2F659&print=pdf" class="pdfprnt-button pdfprnt-button-pdf" target="_blank"><img decoding="async" src="https://i0.wp.com/www.emslandkicker.de/wp-content/plugins/pdf-print/images/pdf.png?w=610" alt="image_pdf" title="View PDF" data-recalc-dims="1" /></a><a href="http://www.emslandkicker.de/index.php?rest_route=%2Fwp%2Fv2%2Fpages%2F659&print=print" class="pdfprnt-button pdfprnt-button-print" target="_blank"><img decoding="async" src="https://i0.wp.com/www.emslandkicker.de/wp-content/plugins/pdf-print/images/print.png?w=610" alt="image_print" title="Print Content" data-recalc-dims="1" /></a></div><p><img decoding="async" src="https://i0.wp.com/www.emslandkicker.de/wp-content/uploads/nostalgie/1986-87/svm-1986-87-ecco.jpg?w=610" alt="SV Meppen - BvB Dortmund" data-recalc-dims="1" /><br />
Rückhalt in der Meppener Abwehr: Eckhard Vorhold (l.), Hermann Rülander (m.) und Hermann Eiting (r.) wollen in der neuen Saison Gegentore verhindern. Der 18jährige Vorhold hat sich inzwischen zum Stammspieler gemausert und spielt eine wichtige Rolle beim SV. Rülander befindet sich auch in guter Verfassung. So oft wie im Vorjahr will er jetzt nicht wieder hinter sich greifen. dafür soll auch Libero Eiting sorgen, damit die Emsländer bei der Vergabe der vorderen Plätze ein gewichtiges Wörtchen mitreden können. Eine Steigerung war im letzten Jahr unverkennbar.</p>
<p>Quelle: Verlagsbeilage Meppener Tagespost</p>
<div class="sharedaddy sd-sharing-enabled"><div class="robots-nocontent sd-block sd-social sd-social-official sd-sharing"><h3 class="sd-title">Teilen mit:</h3><div class="sd-content"><ul><li class="share-facebook"><div class="fb-share-button" data-href="http://www.emslandkicker.de/?page_id=659" data-layout="button_count"></div></li><li class="share-twitter"><a href="https://twitter.com/share" class="twitter-share-button" data-url="http://www.emslandkicker.de/?page_id=659" data-text="SV trotzte Borussia Dortmund ein 1:1 ab" data-via="Emslandkicker" >Tweet</a></li><li class="share-email"><a rel="nofollow noopener noreferrer" data-shared="" class="share-email sd-button" href="mailto:?subject=%5BGeteilter%20Beitrag%5D%20SV%20trotzte%20Borussia%20Dortmund%20ein%201%3A1%20ab&body=http%3A%2F%2Fwww.emslandkicker.de%2F%3Fpage_id%3D659&share=email" target="_blank" title="Click to email a link to a friend" data-email-share-error-title="Do you have email set up?" data-email-share-error-text="If you&#039;re having problems sharing via email, you might not have email set up for your browser. You may need to create a new email yourself." data-email-share-nonce="0f15fbc246" data-email-share-track-url="http://www.emslandkicker.de/?page_id=659&amp;share=email"><span>E-Mail</span></a></li><li class="share-print"><a rel="nofollow noopener noreferrer" data-shared="" class="share-print sd-button" href="http://www.emslandkicker.de/?page_id=659" target="_blank" title="Klicken zum Ausdrucken" ><span>Drucken</span></a></li><li class="share-end"></li></ul></div></div></div>

<p>Rückhalt in der Meppener Abwehr: Eckhard Vorhold (l.), Hermann Rülander (m.) und Hermann Eiting (r.) wollen in der neuen Saison Gegentore verhindern. Der 18jährige Vorhold hat sich inzwischen zum Stammspieler gemausert und spielt eine wichtige Rolle beim SV. Rülander befindet sich auch in guter Verfassung. So oft wie im Vorjahr will er jetzt nicht wieder [&hellip;]</p>
<div class="sharedaddy sd-sharing-enabled"><div class="robots-nocontent sd-block sd-social sd-social-official sd-sharing"><h3 class="sd-title">Teilen mit:</h3><div class="sd-content"><ul><li class="share-facebook"><div class="fb-share-button" data-href="http://www.emslandkicker.de/?page_id=659" data-layout="button_count"></div></li><li class="share-twitter"><a href="https://twitter.com/share" class="twitter-share-button" data-url="http://www.emslandkicker.de/?page_id=659" data-text="SV trotzte Borussia Dortmund ein 1:1 ab" data-via="Emslandkicker" >Tweet</a></li><li class="share-email"><a rel="nofollow noopener noreferrer" data-shared="" class="share-email sd-button" href="mailto:?subject=%5BGeteilter%20Beitrag%5D%20SV%20trotzte%20Borussia%20Dortmund%20ein%201%3A1%20ab&body=http%3A%2F%2Fwww.emslandkicker.de%2F%3Fpage_id%3D659&share=email" target="_blank" title="Click to email a link to a friend" data-email-share-error-title="Do you have email set up?" data-email-share-error-text="If you&#039;re having problems sharing via email, you might not have email set up for your browser. You may need to create a new email yourself." data-email-share-nonce="0f15fbc246" data-email-share-track-url="http://www.emslandkicker.de/?page_id=659&amp;share=email"><span>E-Mail</span></a></li><li class="share-print"><a rel="nofollow noopener noreferrer" data-shared="" class="share-print sd-button" href="http://www.emslandkicker.de/?page_id=659" target="_blank" title="Klicken zum Ausdrucken" ><span>Drucken</span></a></li><li class="share-end"></li></ul></div></div></div>

Fußball-Nostalgie Emsland

Das Emsland hat eine Traditionsreiche Vergangenheit und vor allem mit dem SV Meppen einen ehemaligen Zweitligisten in seinen Reihen. Meppen wurde mit dem Aufstieg 1986-87 deutschlandweit bekannt und Toni Schumacher beteiligte sich auch unfreiwillig daran... Ich werde hier von Zeit zu Zeit Beiträge so wie Tabelle aus der Vergangenheit des…

SV Dalum 1986-87 Mannschaftskader Abgänge: Matthis Topphoff (SF Schwefingen), Reinhold Robben (Laufbahnende) Zugänge: Hermann Kuper (VfL Emslage), Frank Aepken, Detlef Els, Werner Bormes, Hermann Lüken, Frank Steffens und Michael Keute (alle Eigene Junioren) Matthias Pache, Frank Aepken, Detlef Els, Werner Bormes, Hermann Lüken, Frank Steffens, Michael Keute, Rolf Lehmann, Heinz…
