{"id":684,"date":"2014-11-14T14:08:14","date_gmt":"2014-11-14T12:08:14","guid":{"rendered":"http:\/\/www.emslandkicker.de\/?page_id=684"},"modified":"2014-11-14T14:11:56","modified_gmt":"2014-11-14T12:11:56","slug":"tabelle-kreisliga-lingen-1980-81","status":"publish","type":"page","link":"http:\/\/www.emslandkicker.de\/?page_id=684","title":{"rendered":"Tabelle Kreisliga Lingen 1980-81"},"content":{"rendered":"<div class=\"pdfprnt-buttons pdfprnt-buttons-page pdfprnt-top-right\"><a href=\"http:\/\/www.emslandkicker.de\/index.php?rest_route=%2Fwp%2Fv2%2Fpages%2F684&print=pdf\" class=\"pdfprnt-button pdfprnt-button-pdf\" target=\"_blank\"><img decoding=\"async\" src=\"https:\/\/i0.wp.com\/www.emslandkicker.de\/wp-content\/plugins\/pdf-print\/images\/pdf.png?w=610\" alt=\"image_pdf\" title=\"View PDF\" data-recalc-dims=\"1\" \/><\/a><a href=\"http:\/\/www.emslandkicker.de\/index.php?rest_route=%2Fwp%2Fv2%2Fpages%2F684&print=print\" class=\"pdfprnt-button pdfprnt-button-print\" target=\"_blank\"><img decoding=\"async\" src=\"https:\/\/i0.wp.com\/www.emslandkicker.de\/wp-content\/plugins\/pdf-print\/images\/print.png?w=610\" alt=\"image_print\" title=\"Print Content\" data-recalc-dims=\"1\" \/><\/a><\/div><table width=\"100%\" cellspacing=\"5\" cellpadding=\"0\">\n<tbody>\n<tr>\n<td colspan=\"10\"><strong>Kreisliga Lingen 1980-81<\/strong><\/td>\n<\/tr>\n<tr>\n<td bgcolor=\"#CCCCCC\"><strong>Pl.<\/strong><\/td>\n<td bgcolor=\"#CCCCCC\"><strong>Verein<\/strong><\/td>\n<td bgcolor=\"#CCCCCC\"><strong>Sp<\/strong><\/td>\n<td colspan=\"3\" bgcolor=\"#CCCCCC\"><strong>Tore<\/strong><\/td>\n<td bgcolor=\"#CCCCCC\"><strong>Diff<\/strong><\/td>\n<td colspan=\"3\" bgcolor=\"#CCCCCC\"><strong>Pkt.<\/strong><\/td>\n<\/tr>\n<tr>\n<td>1.<\/td>\n<td>SG Freren<\/td>\n<td>30<\/td>\n<td>91<\/td>\n<td>:<\/td>\n<td>40<\/td>\n<td align=\"right\">51<\/td>\n<td>43<\/td>\n<td>:<\/td>\n<td align=\"right\">17<\/td>\n<\/tr>\n<tr>\n<td>2.<\/td>\n<td>FC Schapen<\/td>\n<td>30<\/td>\n<td>77<\/td>\n<td>:<\/td>\n<td>51<\/td>\n<td align=\"right\">26<\/td>\n<td>43<\/td>\n<td>:<\/td>\n<td align=\"right\">17<\/td>\n<\/tr>\n<tr>\n<td>3.<\/td>\n<td>SC Baccum<\/td>\n<td>30<\/td>\n<td>73<\/td>\n<td>:<\/td>\n<td>47<\/td>\n<td align=\"right\">26<\/td>\n<td>39<\/td>\n<td>:<\/td>\n<td align=\"right\">21<\/td>\n<\/tr>\n<tr>\n<td>4.<\/td>\n<td>SV Lengerich<\/td>\n<td>30<\/td>\n<td>62<\/td>\n<td>:<\/td>\n<td>49<\/td>\n<td align=\"right\">13<\/td>\n<td>38<\/td>\n<td>:<\/td>\n<td align=\"right\">22<\/td>\n<\/tr>\n<tr>\n<td>5.<\/td>\n<td>ASV Altenlingen<\/td>\n<td>30<\/td>\n<td>60<\/td>\n<td>:<\/td>\n<td>54<\/td>\n<td align=\"right\">6<\/td>\n<td>37<\/td>\n<td>:<\/td>\n<td align=\"right\">23<\/td>\n<\/tr>\n<tr>\n<td>6.<\/td>\n<td>FC Leschede<\/td>\n<td>30<\/td>\n<td>66<\/td>\n<td>:<\/td>\n<td>55<\/td>\n<td align=\"right\">11<\/td>\n<td>33<\/td>\n<td>:<\/td>\n<td align=\"right\">27<\/td>\n<\/tr>\n<tr>\n<td>7.<\/td>\n<td>VfB Lingen<\/td>\n<td>30<\/td>\n<td>69<\/td>\n<td>:<\/td>\n<td>62<\/td>\n<td align=\"right\">7<\/td>\n<td>31<\/td>\n<td>:<\/td>\n<td align=\"right\">29<\/td>\n<\/tr>\n<tr>\n<td>8.<\/td>\n<td>SuS Darme<\/td>\n<td>30<\/td>\n<td>66<\/td>\n<td>:<\/td>\n<td>61<\/td>\n<td align=\"right\">5<\/td>\n<td>31<\/td>\n<td>:<\/td>\n<td align=\"right\">29<\/td>\n<\/tr>\n<tr>\n<td>9.<\/td>\n<td>Fort. Beesten<\/td>\n<td>30<\/td>\n<td>67<\/td>\n<td>:<\/td>\n<td>68<\/td>\n<td align=\"right\">-1<\/td>\n<td>30<\/td>\n<td>:<\/td>\n<td align=\"right\">30<\/td>\n<\/tr>\n<tr>\n<td>10.<\/td>\n<td>Eintr. Schepsdorf<\/td>\n<td>30<\/td>\n<td>67<\/td>\n<td>:<\/td>\n<td>67<\/td>\n<td align=\"right\">0<\/td>\n<td>29<\/td>\n<td>:<\/td>\n<td align=\"right\">31<\/td>\n<\/tr>\n<tr>\n<td>11.<\/td>\n<td>SV Bawinkel<\/td>\n<td>30<\/td>\n<td>37<\/td>\n<td>:<\/td>\n<td>41<\/td>\n<td align=\"right\">-4<\/td>\n<td>28<\/td>\n<td>:<\/td>\n<td align=\"right\">32<\/td>\n<\/tr>\n<tr>\n<td>12.<\/td>\n<td>Oly. Laxten 2<\/td>\n<td>30<\/td>\n<td>45<\/td>\n<td>:<\/td>\n<td>68<\/td>\n<td align=\"right\">-23<\/td>\n<td>24<\/td>\n<td>:<\/td>\n<td align=\"right\">36<\/td>\n<\/tr>\n<tr>\n<td>13.<\/td>\n<td>SW Varenode<\/td>\n<td>30<\/td>\n<td>50<\/td>\n<td>:<\/td>\n<td>64<\/td>\n<td align=\"right\">-14<\/td>\n<td>23<\/td>\n<td>:<\/td>\n<td align=\"right\">37<\/td>\n<\/tr>\n<tr>\n<td>14.<\/td>\n<td>SG Bramsche<\/td>\n<td>30<\/td>\n<td>40<\/td>\n<td>:<\/td>\n<td>65<\/td>\n<td align=\"right\">-25<\/td>\n<td>17<\/td>\n<td>:<\/td>\n<td align=\"right\">43<\/td>\n<\/tr>\n<tr>\n<td>15.<\/td>\n<td>BW L\u00fcnne<\/td>\n<td>30<\/td>\n<td>31<\/td>\n<td>:<\/td>\n<td>62<\/td>\n<td align=\"right\">-31<\/td>\n<td>17<\/td>\n<td>:<\/td>\n<td align=\"right\">43<\/td>\n<\/tr>\n<tr>\n<td>16.<\/td>\n<td>TuS Lingen 2<\/td>\n<td>30<\/td>\n<td>30<\/td>\n<td>:<\/td>\n<td>77<\/td>\n<td align=\"right\">-47<\/td>\n<td>17<\/td>\n<td>:<\/td>\n<td align=\"right\">43<\/td>\n<\/tr>\n<\/tbody>\n<\/table>\n<div class=\"sharedaddy sd-sharing-enabled\"><div class=\"robots-nocontent sd-block sd-social sd-social-official sd-sharing\"><h3 class=\"sd-title\">Teilen mit:<\/h3><div class=\"sd-content\"><ul><li class=\"share-facebook\"><div class=\"fb-share-button\" data-href=\"http:\/\/www.emslandkicker.de\/?page_id=684\" data-layout=\"button_count\"><\/div><\/li><li class=\"share-twitter\"><a href=\"https:\/\/twitter.com\/share\" class=\"twitter-share-button\" data-url=\"http:\/\/www.emslandkicker.de\/?page_id=684\" data-text=\"Tabelle Kreisliga Lingen 1980-81\" data-via=\"Emslandkicker\" >Tweet<\/a><\/li><li class=\"share-email\"><a rel=\"nofollow noopener noreferrer\" data-shared=\"\" class=\"share-email sd-button\" href=\"mailto:?subject=%5BGeteilter%20Beitrag%5D%20Tabelle%20Kreisliga%20Lingen%201980-81&body=http%3A%2F%2Fwww.emslandkicker.de%2F%3Fpage_id%3D684&share=email\" target=\"_blank\" title=\"Click to email a link to a friend\" data-email-share-error-title=\"Do you have email set up?\" data-email-share-error-text=\"If you&#039;re having problems sharing via email, you might not have email set up for your browser. You may need to create a new email yourself.\" data-email-share-nonce=\"7f3ed4fe39\" data-email-share-track-url=\"http:\/\/www.emslandkicker.de\/?page_id=684&amp;share=email\"><span>E-Mail<\/span><\/a><\/li><li class=\"share-print\"><a rel=\"nofollow noopener noreferrer\" data-shared=\"\" class=\"share-print sd-button\" href=\"http:\/\/www.emslandkicker.de\/?page_id=684\" target=\"_blank\" title=\"Klicken zum Ausdrucken\" ><span>Drucken<\/span><\/a><\/li><li class=\"share-end\"><\/li><\/ul><\/div><\/div><\/div>","protected":false},"excerpt":{"rendered":"<p>Kreisliga Lingen 1980-81 Pl. Verein Sp Tore Diff Pkt. 1. SG Freren 30 91 : 40 51 43 : 17 2. FC Schapen 30 77 : 51 26 43 : 17 3. SC Baccum 30 73 : 47 26 39 : 21 4. SV Lengerich 30 62 : 49 13 38 : 22 5. ASV [&hellip;]<\/p>\n<div class=\"sharedaddy sd-sharing-enabled\"><div class=\"robots-nocontent sd-block sd-social sd-social-official sd-sharing\"><h3 class=\"sd-title\">Teilen mit:<\/h3><div class=\"sd-content\"><ul><li class=\"share-facebook\"><div class=\"fb-share-button\" data-href=\"http:\/\/www.emslandkicker.de\/?page_id=684\" data-layout=\"button_count\"><\/div><\/li><li class=\"share-twitter\"><a href=\"https:\/\/twitter.com\/share\" class=\"twitter-share-button\" data-url=\"http:\/\/www.emslandkicker.de\/?page_id=684\" data-text=\"Tabelle Kreisliga Lingen 1980-81\" data-via=\"Emslandkicker\" >Tweet<\/a><\/li><li class=\"share-email\"><a rel=\"nofollow noopener noreferrer\" data-shared=\"\" class=\"share-email sd-button\" href=\"mailto:?subject=%5BGeteilter%20Beitrag%5D%20Tabelle%20Kreisliga%20Lingen%201980-81&body=http%3A%2F%2Fwww.emslandkicker.de%2F%3Fpage_id%3D684&share=email\" target=\"_blank\" title=\"Click to email a link to a friend\" data-email-share-error-title=\"Do you have email set up?\" data-email-share-error-text=\"If you&#039;re having problems sharing via email, you might not have email set up for your browser. You may need to create a new email yourself.\" data-email-share-nonce=\"7f3ed4fe39\" data-email-share-track-url=\"http:\/\/www.emslandkicker.de\/?page_id=684&amp;share=email\"><span>E-Mail<\/span><\/a><\/li><li class=\"share-print\"><a rel=\"nofollow noopener noreferrer\" data-shared=\"\" class=\"share-print sd-button\" href=\"http:\/\/www.emslandkicker.de\/?page_id=684\" target=\"_blank\" title=\"Klicken zum Ausdrucken\" ><span>Drucken<\/span><\/a><\/li><li class=\"share-end\"><\/li><\/ul><\/div><\/div><\/div>","protected":false},"author":1,"featured_media":203,"parent":453,"menu_order":53,"comment_status":"open","ping_status":"open","template":"","meta":{"footnotes":""},"class_list":["post-684","page","type-page","status-publish","has-post-thumbnail","hentry"],"jetpack_sharing_enabled":true,"jetpack_shortlink":"https:\/\/wp.me\/P5etIj-b2","jetpack-related-posts":[{"id":682,"url":"http:\/\/www.emslandkicker.de\/?page_id=682","url_meta":{"origin":684,"position":0},"title":"Tabelle Kreisliga Meppen 1980-81","date":"14. November 2014","format":false,"excerpt":"Kreisliga Meppen 1980-81 Pl. Verein Sp Tore Diff Pkt. 1. TuS Haren 30 97 : 33 64 49 : 11 2. VfL Herzlake 2 30 74 : 26 48 48 : 12 3. SF Schwefingen 30 74 : 32 42 43 : 17 4. SV Dohren 30 55 : 28\u2026","rel":"","context":"Similar post","img":{"alt_text":"","src":"","width":0,"height":0},"classes":[]},{"id":569,"url":"http:\/\/www.emslandkicker.de\/?page_id=569","url_meta":{"origin":684,"position":1},"title":"Tabelle Kreisliga Nord 1980-81","date":"11. November 2014","format":false,"excerpt":"Kreisliga Nord 1980-81 Pl Verein Sp Tore Diff. Pkt 1. FC Bockholte 32 88 : 47 41 47 : 17 2. SV B\u00f6rgerwald 32 97 : 56 41 45 : 19 3. Germ. Papenburg 32 87 : 51 36 43 : 21 4. Raspo B\u00f6rgermoor 32 71 : 43 28\u2026","rel":"","context":"Similar post","img":{"alt_text":"","src":"","width":0,"height":0},"classes":[]},{"id":737,"url":"http:\/\/www.emslandkicker.de\/?page_id=737","url_meta":{"origin":684,"position":2},"title":"Tabelle Kreisliga Mitte 1993-94","date":"22. November 2014","format":false,"excerpt":"Kreisliga Mitte 1993-94 Pl. Teams Sp Tore Diff Pkt. 1. Germ. Twist 30 81 : 26 55 49 : 11 2. VfL Emslage 30 60 : 22 38 46 : 14 3. GW Lehrte 30 60 : 32 28 43 : 17 4. SC Adorf 30 75 : 46 29\u2026","rel":"","context":"Similar post","img":{"alt_text":"","src":"","width":0,"height":0},"classes":[]},{"id":567,"url":"http:\/\/www.emslandkicker.de\/?page_id=567","url_meta":{"origin":684,"position":3},"title":"Tabelle Kreisliga Nord 1978-79","date":"11. November 2014","format":false,"excerpt":"Kreisliga Nord 1978-79 Pl Verein Sp Tore Diff. Pkt 1. Sigiltra S\u00f6gel 30 71 : 27 44 47 : 13 2. GW Spahnharrenst\u00e4tte 30 74 : 38 36 43 : 17 3. Germ. Papenburg 30 51 : 43 8 35 : 25 4. Raspo B\u00f6rgermoor 30 44 : 41 3\u2026","rel":"","context":"Similar post","img":{"alt_text":"","src":"","width":0,"height":0},"classes":[]},{"id":733,"url":"http:\/\/www.emslandkicker.de\/?page_id=733","url_meta":{"origin":684,"position":4},"title":"Tabelle Kreisliga Mitte 1987-88","date":"22. November 2014","format":false,"excerpt":"Kreisliga Mitte 1987-88 Pl. Teams Sp Tore Diff Pkt. 1. GW Lehrte 30 61 : 28 33 45 : 15 2. SV Holte 30 58 : 29 29 40 : 20 3. SV Gr. Hesepe 30 66 : 32 34 39 : 21 4. VfL Emslage 30 67 : 40\u2026","rel":"","context":"Similar post","img":{"alt_text":"","src":"","width":0,"height":0},"classes":[]},{"id":675,"url":"http:\/\/www.emslandkicker.de\/?page_id=675","url_meta":{"origin":684,"position":5},"title":"Tabelle Kreisliga Meppen 1977-78","date":"14. November 2014","format":false,"excerpt":"Kreisliga Meppen 1977-78 Pl. Verein Sp S U N Tore Diff Pkt. 1. SV Dalum 30 17 9 3 63 : 32 31 44 : 16 2. SV Holte 30 18 7 5 62 : 27 35 43 : 17 3. VfL Herzlake 2 30 15 9 6 60 :\u2026","rel":"","context":"Similar post","img":{"alt_text":"","src":"","width":0,"height":0},"classes":[]}],"jetpack_likes_enabled":true,"_links":{"self":[{"href":"http:\/\/www.emslandkicker.de\/index.php?rest_route=\/wp\/v2\/pages\/684","targetHints":{"allow":["GET"]}}],"collection":[{"href":"http:\/\/www.emslandkicker.de\/index.php?rest_route=\/wp\/v2\/pages"}],"about":[{"href":"http:\/\/www.emslandkicker.de\/index.php?rest_route=\/wp\/v2\/types\/page"}],"author":[{"embeddable":true,"href":"http:\/\/www.emslandkicker.de\/index.php?rest_route=\/wp\/v2\/users\/1"}],"replies":[{"embeddable":true,"href":"http:\/\/www.emslandkicker.de\/index.php?rest_route=%2Fwp%2Fv2%2Fcomments&post=684"}],"version-history":[{"count":0,"href":"http:\/\/www.emslandkicker.de\/index.php?rest_route=\/wp\/v2\/pages\/684\/revisions"}],"up":[{"embeddable":true,"href":"http:\/\/www.emslandkicker.de\/index.php?rest_route=\/wp\/v2\/pages\/453"}],"wp:featuredmedia":[{"embeddable":true,"href":"http:\/\/www.emslandkicker.de\/index.php?rest_route=\/wp\/v2\/media\/203"}],"wp:attachment":[{"href":"http:\/\/www.emslandkicker.de\/index.php?rest_route=%2Fwp%2Fv2%2Fmedia&parent=684"}],"curies":[{"name":"wp","href":"https:\/\/api.w.org\/{rel}","templated":true}]}}