{"id":735,"date":"2014-11-22T17:53:49","date_gmt":"2014-11-22T15:53:49","guid":{"rendered":"http:\/\/www.emslandkicker.de\/?page_id=735"},"modified":"2014-11-22T18:04:25","modified_gmt":"2014-11-22T16:04:25","slug":"tabelle-kreisliga-mitte-1992-93","status":"publish","type":"page","link":"http:\/\/www.emslandkicker.de\/?page_id=735","title":{"rendered":"Tabelle Kreisliga Mitte 1992-93"},"content":{"rendered":"<div class=\"pdfprnt-buttons pdfprnt-buttons-page pdfprnt-top-right\"><a href=\"http:\/\/www.emslandkicker.de\/index.php?rest_route=%2Fwp%2Fv2%2Fpages%2F735&print=pdf\" class=\"pdfprnt-button pdfprnt-button-pdf\" target=\"_blank\"><img decoding=\"async\" src=\"https:\/\/i0.wp.com\/www.emslandkicker.de\/wp-content\/plugins\/pdf-print\/images\/pdf.png?w=610\" alt=\"image_pdf\" title=\"View PDF\" data-recalc-dims=\"1\" \/><\/a><a href=\"http:\/\/www.emslandkicker.de\/index.php?rest_route=%2Fwp%2Fv2%2Fpages%2F735&print=print\" class=\"pdfprnt-button pdfprnt-button-print\" target=\"_blank\"><img decoding=\"async\" src=\"https:\/\/i0.wp.com\/www.emslandkicker.de\/wp-content\/plugins\/pdf-print\/images\/print.png?w=610\" alt=\"image_print\" title=\"Print Content\" data-recalc-dims=\"1\" \/><\/a><\/div><table width=\"100%\" cellspacing=\"0\" cellpadding=\"0\">\n<tbody>\n<tr>\n<td colspan=\"10\" width=\"331\"><strong>Kreisliga Mitte 1992-93<\/strong><\/td>\n<\/tr>\n<tr>\n<td bgcolor=\"#CCCCCC\"><strong>Pl.<\/strong><\/td>\n<td bgcolor=\"#CCCCCC\"><strong>Teams<\/strong><\/td>\n<td bgcolor=\"#CCCCCC\"><strong>Sp<\/strong><\/td>\n<td colspan=\"3\" bgcolor=\"#CCCCCC\"><strong>Tore<\/strong><\/td>\n<td bgcolor=\"#CCCCCC\"><strong>Diff<\/strong><\/td>\n<td colspan=\"3\" bgcolor=\"#CCCCCC\"><strong>Pkt.<\/strong><\/td>\n<\/tr>\n<tr>\n<td bgcolor=\"#66ff33\">1.<\/td>\n<td bgcolor=\"#66ff33\">SV Teglingen<\/td>\n<td align=\"right\" bgcolor=\"#66ff33\">30<\/td>\n<td align=\"right\" bgcolor=\"#66ff33\">60<\/td>\n<td bgcolor=\"#66ff33\">:<\/td>\n<td align=\"right\" bgcolor=\"#66ff33\">26<\/td>\n<td align=\"right\" bgcolor=\"#66ff33\">34<\/td>\n<td align=\"right\" bgcolor=\"#66ff33\">44<\/td>\n<td bgcolor=\"#66ff33\">:<\/td>\n<td align=\"right\" bgcolor=\"#66ff33\">16<\/td>\n<\/tr>\n<tr>\n<td>2.<\/td>\n<td>SG L\u00e4hden<\/td>\n<td align=\"right\">30<\/td>\n<td align=\"right\">64<\/td>\n<td>:<\/td>\n<td align=\"right\">41<\/td>\n<td align=\"right\">23<\/td>\n<td align=\"right\">36<\/td>\n<td>:<\/td>\n<td align=\"right\">24<\/td>\n<\/tr>\n<tr>\n<td>3.<\/td>\n<td>VfL Emslage<\/td>\n<td align=\"right\">30<\/td>\n<td align=\"right\">55<\/td>\n<td>:<\/td>\n<td align=\"right\">35<\/td>\n<td align=\"right\">20<\/td>\n<td align=\"right\">36<\/td>\n<td>:<\/td>\n<td align=\"right\">24<\/td>\n<\/tr>\n<tr>\n<td>4.<\/td>\n<td>SC Adorf (N)<\/td>\n<td align=\"right\">30<\/td>\n<td align=\"right\">58<\/td>\n<td>:<\/td>\n<td align=\"right\">55<\/td>\n<td align=\"right\">3<\/td>\n<td align=\"right\">34<\/td>\n<td>:<\/td>\n<td align=\"right\">26<\/td>\n<\/tr>\n<tr>\n<td>5.<\/td>\n<td>SV Erika-A.<\/td>\n<td align=\"right\">30<\/td>\n<td align=\"right\">59<\/td>\n<td>:<\/td>\n<td align=\"right\">46<\/td>\n<td align=\"right\">13<\/td>\n<td align=\"right\">33<\/td>\n<td>:<\/td>\n<td align=\"right\">27<\/td>\n<\/tr>\n<tr>\n<td>6.<\/td>\n<td>SV Dalum<\/td>\n<td align=\"right\">30<\/td>\n<td align=\"right\">54<\/td>\n<td>:<\/td>\n<td align=\"right\">50<\/td>\n<td align=\"right\">4<\/td>\n<td align=\"right\">32<\/td>\n<td>:<\/td>\n<td align=\"right\">28<\/td>\n<\/tr>\n<tr>\n<td>7.<\/td>\n<td>GW Lehrte<\/td>\n<td align=\"right\">30<\/td>\n<td align=\"right\">37<\/td>\n<td>:<\/td>\n<td align=\"right\">35<\/td>\n<td align=\"right\">2<\/td>\n<td align=\"right\">31<\/td>\n<td>:<\/td>\n<td align=\"right\">29<\/td>\n<\/tr>\n<tr>\n<td>8.<\/td>\n<td>Conc. Schleper<\/td>\n<td align=\"right\">30<\/td>\n<td align=\"right\">40<\/td>\n<td>:<\/td>\n<td align=\"right\">38<\/td>\n<td align=\"right\">2<\/td>\n<td align=\"right\">30<\/td>\n<td>:<\/td>\n<td align=\"right\">30<\/td>\n<\/tr>\n<tr>\n<td>9.<\/td>\n<td>Germ. Twist (N)<\/td>\n<td align=\"right\">30<\/td>\n<td align=\"right\">56<\/td>\n<td>:<\/td>\n<td align=\"right\">58<\/td>\n<td align=\"right\">-2<\/td>\n<td align=\"right\">28<\/td>\n<td>:<\/td>\n<td align=\"right\">32<\/td>\n<\/tr>\n<tr>\n<td>10.<\/td>\n<td>DJK Geeste<\/td>\n<td align=\"right\">30<\/td>\n<td align=\"right\">32<\/td>\n<td>:<\/td>\n<td align=\"right\">59<\/td>\n<td align=\"right\">-27<\/td>\n<td align=\"right\">27<\/td>\n<td>:<\/td>\n<td align=\"right\">33<\/td>\n<\/tr>\n<tr>\n<td>11.<\/td>\n<td>SV Bokeloh (N)<\/td>\n<td align=\"right\">30<\/td>\n<td align=\"right\">43<\/td>\n<td>:<\/td>\n<td align=\"right\">46<\/td>\n<td align=\"right\">-3<\/td>\n<td align=\"right\">27<\/td>\n<td>:<\/td>\n<td align=\"right\">33<\/td>\n<\/tr>\n<tr>\n<td>12.<\/td>\n<td>SV Gr. Hesepe<\/td>\n<td align=\"right\">30<\/td>\n<td align=\"right\">44<\/td>\n<td>:<\/td>\n<td align=\"right\">55<\/td>\n<td align=\"right\">-11<\/td>\n<td align=\"right\">26<\/td>\n<td>:<\/td>\n<td align=\"right\">34<\/td>\n<\/tr>\n<tr>\n<td>13.<\/td>\n<td>Eintr. Ber\u00dfen<\/td>\n<td align=\"right\">30<\/td>\n<td align=\"right\">36<\/td>\n<td>:<\/td>\n<td align=\"right\">44<\/td>\n<td align=\"right\">-8<\/td>\n<td align=\"right\">24<\/td>\n<td>:<\/td>\n<td align=\"right\">36<\/td>\n<\/tr>\n<tr>\n<td>14.<\/td>\n<td>Spvg. Ahmsen-V.<\/td>\n<td align=\"right\">30<\/td>\n<td align=\"right\">39<\/td>\n<td>:<\/td>\n<td align=\"right\">56<\/td>\n<td align=\"right\">-17<\/td>\n<td align=\"right\">23<\/td>\n<td>:<\/td>\n<td align=\"right\">37<\/td>\n<\/tr>\n<tr>\n<td bgcolor=\"#ff9999\">15.<\/td>\n<td bgcolor=\"#ff9999\">Conc. Sch\u00f6ninghsdorf<\/td>\n<td align=\"right\" bgcolor=\"#ff9999\">30<\/td>\n<td align=\"right\" bgcolor=\"#ff9999\">32<\/td>\n<td bgcolor=\"#ff9999\">:<\/td>\n<td align=\"right\" bgcolor=\"#ff9999\">46<\/td>\n<td align=\"right\" bgcolor=\"#ff9999\">-14<\/td>\n<td align=\"right\" bgcolor=\"#ff9999\">22<\/td>\n<td bgcolor=\"#ff9999\">:<\/td>\n<td align=\"right\" bgcolor=\"#ff9999\">38<\/td>\n<\/tr>\n<tr>\n<td bgcolor=\"#ff9999\">16.<\/td>\n<td bgcolor=\"#ff9999\">SV Dohren<\/td>\n<td align=\"right\" bgcolor=\"#ff9999\">30<\/td>\n<td align=\"right\" bgcolor=\"#ff9999\">35<\/td>\n<td bgcolor=\"#ff9999\">:<\/td>\n<td align=\"right\" bgcolor=\"#ff9999\">55<\/td>\n<td align=\"right\" bgcolor=\"#ff9999\">-20<\/td>\n<td align=\"right\" bgcolor=\"#ff9999\">24<\/td>\n<td bgcolor=\"#ff9999\">:<\/td>\n<td align=\"right\" bgcolor=\"#ff9999\">36<\/td>\n<\/tr>\n<\/tbody>\n<\/table>\n<div class=\"sharedaddy sd-sharing-enabled\"><div class=\"robots-nocontent sd-block sd-social sd-social-official sd-sharing\"><h3 class=\"sd-title\">Teilen mit:<\/h3><div class=\"sd-content\"><ul><li class=\"share-facebook\"><div class=\"fb-share-button\" data-href=\"http:\/\/www.emslandkicker.de\/?page_id=735\" data-layout=\"button_count\"><\/div><\/li><li class=\"share-twitter\"><a href=\"https:\/\/twitter.com\/share\" class=\"twitter-share-button\" data-url=\"http:\/\/www.emslandkicker.de\/?page_id=735\" data-text=\"Tabelle Kreisliga Mitte 1992-93\" data-via=\"Emslandkicker\" >Tweet<\/a><\/li><li class=\"share-email\"><a rel=\"nofollow noopener noreferrer\" data-shared=\"\" class=\"share-email sd-button\" href=\"mailto:?subject=%5BGeteilter%20Beitrag%5D%20Tabelle%20Kreisliga%20Mitte%201992-93&body=http%3A%2F%2Fwww.emslandkicker.de%2F%3Fpage_id%3D735&share=email\" target=\"_blank\" title=\"Click to email a link to a friend\" data-email-share-error-title=\"Do you have email set up?\" data-email-share-error-text=\"If you&#039;re having problems sharing via email, you might not have email set up for your browser. You may need to create a new email yourself.\" data-email-share-nonce=\"56a31b220b\" data-email-share-track-url=\"http:\/\/www.emslandkicker.de\/?page_id=735&amp;share=email\"><span>E-Mail<\/span><\/a><\/li><li class=\"share-print\"><a rel=\"nofollow noopener noreferrer\" data-shared=\"\" class=\"share-print sd-button\" href=\"http:\/\/www.emslandkicker.de\/?page_id=735\" target=\"_blank\" title=\"Klicken zum Ausdrucken\" ><span>Drucken<\/span><\/a><\/li><li class=\"share-end\"><\/li><\/ul><\/div><\/div><\/div>","protected":false},"excerpt":{"rendered":"<p>Kreisliga Mitte 1992-93 Pl. Teams Sp Tore Diff Pkt. 1. SV Teglingen 30 60 : 26 34 44 : 16 2. SG L\u00e4hden 30 64 : 41 23 36 : 24 3. VfL Emslage 30 55 : 35 20 36 : 24 4. SC Adorf (N) 30 58 : 55 3 34 : 26 5. [&hellip;]<\/p>\n<div class=\"sharedaddy sd-sharing-enabled\"><div class=\"robots-nocontent sd-block sd-social sd-social-official sd-sharing\"><h3 class=\"sd-title\">Teilen mit:<\/h3><div class=\"sd-content\"><ul><li class=\"share-facebook\"><div class=\"fb-share-button\" data-href=\"http:\/\/www.emslandkicker.de\/?page_id=735\" data-layout=\"button_count\"><\/div><\/li><li class=\"share-twitter\"><a href=\"https:\/\/twitter.com\/share\" class=\"twitter-share-button\" data-url=\"http:\/\/www.emslandkicker.de\/?page_id=735\" data-text=\"Tabelle Kreisliga Mitte 1992-93\" data-via=\"Emslandkicker\" >Tweet<\/a><\/li><li class=\"share-email\"><a rel=\"nofollow noopener noreferrer\" data-shared=\"\" class=\"share-email sd-button\" href=\"mailto:?subject=%5BGeteilter%20Beitrag%5D%20Tabelle%20Kreisliga%20Mitte%201992-93&body=http%3A%2F%2Fwww.emslandkicker.de%2F%3Fpage_id%3D735&share=email\" target=\"_blank\" title=\"Click to email a link to a friend\" data-email-share-error-title=\"Do you have email set up?\" data-email-share-error-text=\"If you&#039;re having problems sharing via email, you might not have email set up for your browser. You may need to create a new email yourself.\" data-email-share-nonce=\"56a31b220b\" data-email-share-track-url=\"http:\/\/www.emslandkicker.de\/?page_id=735&amp;share=email\"><span>E-Mail<\/span><\/a><\/li><li class=\"share-print\"><a rel=\"nofollow noopener noreferrer\" data-shared=\"\" class=\"share-print sd-button\" href=\"http:\/\/www.emslandkicker.de\/?page_id=735\" target=\"_blank\" title=\"Klicken zum Ausdrucken\" ><span>Drucken<\/span><\/a><\/li><li class=\"share-end\"><\/li><\/ul><\/div><\/div><\/div>","protected":false},"author":1,"featured_media":203,"parent":453,"menu_order":83,"comment_status":"open","ping_status":"open","template":"","meta":{"footnotes":""},"class_list":["post-735","page","type-page","status-publish","has-post-thumbnail","hentry"],"jetpack_sharing_enabled":true,"jetpack_shortlink":"https:\/\/wp.me\/P5etIj-bR","jetpack-related-posts":[{"id":453,"url":"http:\/\/www.emslandkicker.de\/?page_id=453","url_meta":{"origin":735,"position":0},"title":"Kreisligameister bis 1995","date":"8. November 2014","format":false,"excerpt":"Kreisliga 1976-77 [Einf\u00fchrung der Kreisligen] Tab. Nord Mitte VfL Emslage S\u00fcd Kreisliga 1977-78 Nord Mitte SV Dalum S\u00fcd Kreisliga 1978-79 Nord Sigiltra S\u00f6gel Mitte DJK Fehndorf S\u00fcd Kreisliga 1979-80 Nord Germ. 08 Papenburg * Mitte SV Erika-A. S\u00fcd Germ. Thuine Kreisliga 1980-81 Nord FC Bockholte Mitte TuS Haren S\u00fcd SG\u2026","rel":"","context":"Similar post","img":{"alt_text":"","src":"","width":0,"height":0},"classes":[]},{"id":882,"url":"http:\/\/www.emslandkicker.de\/?page_id=882","url_meta":{"origin":735,"position":1},"title":"SV Dalum &#8211; Ligachronik","date":"3. Dezember 2014","format":false,"excerpt":"Verein Saison Liga Platz Tab. Info SV Dalum 1950-51 Kreisliga 3. SV Dalum 1951-52 Kreisliga 1. SV Dalum 1952-53 Bezirksklasse 6. SV Dalum 1953-54 Bezirksklasse 11. SV Dalum 1954-55 Bezirksklasse 5. SV Dalum 1955-56 Bezirksklasse 7. SV Dalum 1956-57 Bezirksklasse 10. SV Dalum 1957-58 Bezirksklasse 15. SV Dalum 1958-59 1.\u2026","rel":"","context":"Similar post","img":{"alt_text":"","src":"","width":0,"height":0},"classes":[]},{"id":571,"url":"http:\/\/www.emslandkicker.de\/?page_id=571","url_meta":{"origin":735,"position":2},"title":"Tabelle Kreisliga Nord 1981-82","date":"11. November 2014","format":false,"excerpt":"Kreisliga Nord 1981-82 Pl Verein Sp Tore Diff. Pkt 1. Raspo Lathen 32 93 : 39 54 54 : 10 2. TuS Haren 32 98 : 37 61 50 : 14 3. SV B\u00f6rgerwald 32 84 : 54 30 41 : 23 4. Germ. Papenburg 32 73 : 57 16\u2026","rel":"","context":"Similar post","img":{"alt_text":"","src":"","width":0,"height":0},"classes":[]},{"id":731,"url":"http:\/\/www.emslandkicker.de\/?page_id=731","url_meta":{"origin":735,"position":3},"title":"Tabelle Kreisliga Mitte 1984-85","date":"22. November 2014","format":false,"excerpt":"Kreisliga Mitte 1984-85 Pl. Teams Sp Tore Diff Pkt. 1. SV Meppen A. 30 77 : 32 45 46 : 14 2. VfL Herzlake 2 30 66 : 38 28 41 : 19 3. SV Holte 30 76 : 42 34 40 : 20 4. SV Teglingen 30 57 :\u2026","rel":"","context":"Similar post","img":{"alt_text":"","src":"","width":0,"height":0},"classes":[]},{"id":739,"url":"http:\/\/www.emslandkicker.de\/?page_id=739","url_meta":{"origin":735,"position":4},"title":"Tabelle Kreisliga Mitte 1994-95","date":"22. November 2014","format":false,"excerpt":"Kreisliga Mitte 1994-95 Pl. Teams Sp Tore Diff Pkt. 1. VfL Emslage 30 76 : 26 50 50 : 10 2. SV Holte (A) 30 40 : 37 3 35 : 25 3. Union Meppen (A) 30 56 : 42 14 34 : 26 4. SC Adorf 30 57 :\u2026","rel":"","context":"Similar post","img":{"alt_text":"","src":"","width":0,"height":0},"classes":[]},{"id":626,"url":"http:\/\/www.emslandkicker.de\/?page_id=626","url_meta":{"origin":735,"position":5},"title":"Tabelle Kreisliga Mitte 1985-86","date":"13. November 2014","format":false,"excerpt":"Kreisliga Mitte 1985-86 Pl. Verein Sp Tore Diff. Pkt 1. SV Neuringe 30 70 : 36 34 46 : 14 2. SV Holte 30 66 : 30 36 44 : 16 3. Hasel\u00fcnner SV 2 30 66 : 35 31 40 : 20 4. SV Dalum 30 67 : 34\u2026","rel":"","context":"Similar post","img":{"alt_text":"","src":"","width":0,"height":0},"classes":[]}],"jetpack_likes_enabled":true,"_links":{"self":[{"href":"http:\/\/www.emslandkicker.de\/index.php?rest_route=\/wp\/v2\/pages\/735","targetHints":{"allow":["GET"]}}],"collection":[{"href":"http:\/\/www.emslandkicker.de\/index.php?rest_route=\/wp\/v2\/pages"}],"about":[{"href":"http:\/\/www.emslandkicker.de\/index.php?rest_route=\/wp\/v2\/types\/page"}],"author":[{"embeddable":true,"href":"http:\/\/www.emslandkicker.de\/index.php?rest_route=\/wp\/v2\/users\/1"}],"replies":[{"embeddable":true,"href":"http:\/\/www.emslandkicker.de\/index.php?rest_route=%2Fwp%2Fv2%2Fcomments&post=735"}],"version-history":[{"count":0,"href":"http:\/\/www.emslandkicker.de\/index.php?rest_route=\/wp\/v2\/pages\/735\/revisions"}],"up":[{"embeddable":true,"href":"http:\/\/www.emslandkicker.de\/index.php?rest_route=\/wp\/v2\/pages\/453"}],"wp:featuredmedia":[{"embeddable":true,"href":"http:\/\/www.emslandkicker.de\/index.php?rest_route=\/wp\/v2\/media\/203"}],"wp:attachment":[{"href":"http:\/\/www.emslandkicker.de\/index.php?rest_route=%2Fwp%2Fv2%2Fmedia&parent=735"}],"curies":[{"name":"wp","href":"https:\/\/api.w.org\/{rel}","templated":true}]}}