{"id":739,"date":"2014-11-22T17:59:43","date_gmt":"2014-11-22T15:59:43","guid":{"rendered":"http:\/\/www.emslandkicker.de\/?page_id=739"},"modified":"2014-11-22T18:04:54","modified_gmt":"2014-11-22T16:04:54","slug":"tabelle-kreisliga-mitte-1994-95","status":"publish","type":"page","link":"http:\/\/www.emslandkicker.de\/?page_id=739","title":{"rendered":"Tabelle Kreisliga Mitte 1994-95"},"content":{"rendered":"<div class=\"pdfprnt-buttons pdfprnt-buttons-page pdfprnt-top-right\"><a href=\"http:\/\/www.emslandkicker.de\/index.php?rest_route=%2Fwp%2Fv2%2Fpages%2F739&print=pdf\" class=\"pdfprnt-button pdfprnt-button-pdf\" target=\"_blank\"><img decoding=\"async\" src=\"https:\/\/i0.wp.com\/www.emslandkicker.de\/wp-content\/plugins\/pdf-print\/images\/pdf.png?w=610\" alt=\"image_pdf\" title=\"View PDF\" data-recalc-dims=\"1\" \/><\/a><a href=\"http:\/\/www.emslandkicker.de\/index.php?rest_route=%2Fwp%2Fv2%2Fpages%2F739&print=print\" class=\"pdfprnt-button pdfprnt-button-print\" target=\"_blank\"><img decoding=\"async\" src=\"https:\/\/i0.wp.com\/www.emslandkicker.de\/wp-content\/plugins\/pdf-print\/images\/print.png?w=610\" alt=\"image_print\" title=\"Print Content\" data-recalc-dims=\"1\" \/><\/a><\/div><table width=\"100%\" cellspacing=\"0\" cellpadding=\"0\">\n<tbody>\n<tr>\n<td colspan=\"10\" width=\"331\"><strong>Kreisliga Mitte 1994-95<\/strong><\/td>\n<\/tr>\n<tr>\n<td bgcolor=\"#CCCCCC\"><strong>Pl.<\/strong><\/td>\n<td bgcolor=\"#CCCCCC\"><strong>Teams<\/strong><\/td>\n<td bgcolor=\"#CCCCCC\"><strong>Sp<\/strong><\/td>\n<td colspan=\"3\" bgcolor=\"#CCCCCC\"><strong>Tore<\/strong><\/td>\n<td bgcolor=\"#CCCCCC\"><strong>Diff<\/strong><\/td>\n<td colspan=\"3\" bgcolor=\"#CCCCCC\"><strong>Pkt.<\/strong><\/td>\n<\/tr>\n<tr>\n<td bgcolor=\"#66ff33\">1.<\/td>\n<td bgcolor=\"#66ff33\">VfL Emslage<\/td>\n<td align=\"right\" bgcolor=\"#66ff33\">30<\/td>\n<td align=\"right\" bgcolor=\"#66ff33\">76<\/td>\n<td bgcolor=\"#66ff33\">:<\/td>\n<td align=\"right\" bgcolor=\"#66ff33\">26<\/td>\n<td align=\"right\" bgcolor=\"#66ff33\">50<\/td>\n<td align=\"right\" bgcolor=\"#66ff33\">50<\/td>\n<td bgcolor=\"#66ff33\">:<\/td>\n<td align=\"right\" bgcolor=\"#66ff33\">10<\/td>\n<\/tr>\n<tr>\n<td>2.<\/td>\n<td>SV Holte (A)<\/td>\n<td align=\"right\">30<\/td>\n<td align=\"right\">40<\/td>\n<td>:<\/td>\n<td align=\"right\">37<\/td>\n<td align=\"right\">3<\/td>\n<td align=\"right\">35<\/td>\n<td>:<\/td>\n<td align=\"right\">25<\/td>\n<\/tr>\n<tr>\n<td>3.<\/td>\n<td>Union Meppen (A)<\/td>\n<td align=\"right\">30<\/td>\n<td align=\"right\">56<\/td>\n<td>:<\/td>\n<td align=\"right\">42<\/td>\n<td align=\"right\">14<\/td>\n<td align=\"right\">34<\/td>\n<td>:<\/td>\n<td align=\"right\">26<\/td>\n<\/tr>\n<tr>\n<td>4.<\/td>\n<td>SC Adorf<\/td>\n<td align=\"right\">30<\/td>\n<td align=\"right\">57<\/td>\n<td>:<\/td>\n<td align=\"right\">55<\/td>\n<td align=\"right\">2<\/td>\n<td align=\"right\">34<\/td>\n<td>:<\/td>\n<td align=\"right\">26<\/td>\n<\/tr>\n<tr>\n<td>5.<\/td>\n<td>GW Lehrte<\/td>\n<td align=\"right\">30<\/td>\n<td align=\"right\">64<\/td>\n<td>:<\/td>\n<td align=\"right\">49<\/td>\n<td align=\"right\">15<\/td>\n<td align=\"right\">32<\/td>\n<td>:<\/td>\n<td align=\"right\">28<\/td>\n<\/tr>\n<tr>\n<td>6.<\/td>\n<td>Eintr. Ber\u00dfen<\/td>\n<td align=\"right\">30<\/td>\n<td align=\"right\">48<\/td>\n<td>:<\/td>\n<td align=\"right\">39<\/td>\n<td align=\"right\">9<\/td>\n<td align=\"right\">32<\/td>\n<td>:<\/td>\n<td align=\"right\">28<\/td>\n<\/tr>\n<tr>\n<td>7.<\/td>\n<td>FC Bamhar (N)<\/td>\n<td align=\"right\">30<\/td>\n<td align=\"right\">48<\/td>\n<td>:<\/td>\n<td align=\"right\">41<\/td>\n<td align=\"right\">7<\/td>\n<td align=\"right\">31<\/td>\n<td>:<\/td>\n<td align=\"right\">29<\/td>\n<\/tr>\n<tr>\n<td>8.<\/td>\n<td>SV Gr. Hesepe<\/td>\n<td align=\"right\">30<\/td>\n<td align=\"right\">45<\/td>\n<td>:<\/td>\n<td align=\"right\">45<\/td>\n<td align=\"right\">0<\/td>\n<td align=\"right\">31<\/td>\n<td>:<\/td>\n<td align=\"right\">29<\/td>\n<\/tr>\n<tr>\n<td>9.<\/td>\n<td>DJK Geeste<\/td>\n<td align=\"right\">30<\/td>\n<td align=\"right\">58<\/td>\n<td>:<\/td>\n<td align=\"right\">55<\/td>\n<td align=\"right\">3<\/td>\n<td align=\"right\">30<\/td>\n<td>:<\/td>\n<td align=\"right\">30<\/td>\n<\/tr>\n<tr>\n<td>10.<\/td>\n<td>SG L\u00e4hden<\/td>\n<td align=\"right\">30<\/td>\n<td align=\"right\">62<\/td>\n<td>:<\/td>\n<td align=\"right\">60<\/td>\n<td align=\"right\">2<\/td>\n<td align=\"right\">29<\/td>\n<td>:<\/td>\n<td align=\"right\">31<\/td>\n<\/tr>\n<tr>\n<td>11.<\/td>\n<td>SV Bokeloh<\/td>\n<td align=\"right\">30<\/td>\n<td align=\"right\">41<\/td>\n<td>:<\/td>\n<td align=\"right\">44<\/td>\n<td align=\"right\">-3<\/td>\n<td align=\"right\">29<\/td>\n<td>:<\/td>\n<td align=\"right\">31<\/td>\n<\/tr>\n<tr>\n<td>12.<\/td>\n<td>Spvg. Ahmsen-V.<\/td>\n<td align=\"right\">30<\/td>\n<td align=\"right\">30<\/td>\n<td>:<\/td>\n<td align=\"right\">47<\/td>\n<td align=\"right\">-17<\/td>\n<td align=\"right\">29<\/td>\n<td>:<\/td>\n<td align=\"right\">31<\/td>\n<\/tr>\n<tr>\n<td>13.<\/td>\n<td>SV Erika-A.<\/td>\n<td align=\"right\">30<\/td>\n<td align=\"right\">44<\/td>\n<td>:<\/td>\n<td align=\"right\">54<\/td>\n<td align=\"right\">-10<\/td>\n<td align=\"right\">24<\/td>\n<td>:<\/td>\n<td align=\"right\">36<\/td>\n<\/tr>\n<tr>\n<td>14.<\/td>\n<td>Conc. Schleper<\/td>\n<td align=\"right\">30<\/td>\n<td align=\"right\">44<\/td>\n<td>:<\/td>\n<td align=\"right\">70<\/td>\n<td align=\"right\">-26<\/td>\n<td align=\"right\">24<\/td>\n<td>:<\/td>\n<td align=\"right\">36<\/td>\n<\/tr>\n<tr>\n<td bgcolor=\"#ff9999\">15.<\/td>\n<td bgcolor=\"#ff9999\">SV Hemsen (N)<\/td>\n<td align=\"right\" bgcolor=\"#ff9999\">30<\/td>\n<td align=\"right\" bgcolor=\"#ff9999\">54<\/td>\n<td bgcolor=\"#ff9999\">:<\/td>\n<td align=\"right\" bgcolor=\"#ff9999\">70<\/td>\n<td align=\"right\" bgcolor=\"#ff9999\">-16<\/td>\n<td align=\"right\" bgcolor=\"#ff9999\">20<\/td>\n<td bgcolor=\"#ff9999\">:<\/td>\n<td align=\"right\" bgcolor=\"#ff9999\">40<\/td>\n<\/tr>\n<tr>\n<td bgcolor=\"#ff9999\">16.<\/td>\n<td bgcolor=\"#ff9999\">FC Wesuwe<\/td>\n<td align=\"right\" bgcolor=\"#ff9999\">30<\/td>\n<td align=\"right\" bgcolor=\"#ff9999\">33<\/td>\n<td bgcolor=\"#ff9999\">:<\/td>\n<td align=\"right\" bgcolor=\"#ff9999\">66<\/td>\n<td align=\"right\" bgcolor=\"#ff9999\">-33<\/td>\n<td align=\"right\" bgcolor=\"#ff9999\">16<\/td>\n<td bgcolor=\"#ff9999\">:<\/td>\n<td align=\"right\" bgcolor=\"#ff9999\">44<\/td>\n<\/tr>\n<\/tbody>\n<\/table>\n<div class=\"sharedaddy sd-sharing-enabled\"><div class=\"robots-nocontent sd-block sd-social sd-social-official sd-sharing\"><h3 class=\"sd-title\">Teilen mit:<\/h3><div class=\"sd-content\"><ul><li class=\"share-facebook\"><div class=\"fb-share-button\" data-href=\"http:\/\/www.emslandkicker.de\/?page_id=739\" data-layout=\"button_count\"><\/div><\/li><li class=\"share-twitter\"><a href=\"https:\/\/twitter.com\/share\" class=\"twitter-share-button\" data-url=\"http:\/\/www.emslandkicker.de\/?page_id=739\" data-text=\"Tabelle Kreisliga Mitte 1994-95\" data-via=\"Emslandkicker\" >Tweet<\/a><\/li><li class=\"share-email\"><a rel=\"nofollow noopener noreferrer\" data-shared=\"\" class=\"share-email sd-button\" href=\"mailto:?subject=%5BGeteilter%20Beitrag%5D%20Tabelle%20Kreisliga%20Mitte%201994-95&body=http%3A%2F%2Fwww.emslandkicker.de%2F%3Fpage_id%3D739&share=email\" target=\"_blank\" title=\"Click to email a link to a friend\" data-email-share-error-title=\"Do you have email set up?\" data-email-share-error-text=\"If you&#039;re having problems sharing via email, you might not have email set up for your browser. You may need to create a new email yourself.\" data-email-share-nonce=\"1271571816\" data-email-share-track-url=\"http:\/\/www.emslandkicker.de\/?page_id=739&amp;share=email\"><span>E-Mail<\/span><\/a><\/li><li class=\"share-print\"><a rel=\"nofollow noopener noreferrer\" data-shared=\"\" class=\"share-print sd-button\" href=\"http:\/\/www.emslandkicker.de\/?page_id=739\" target=\"_blank\" title=\"Klicken zum Ausdrucken\" ><span>Drucken<\/span><\/a><\/li><li class=\"share-end\"><\/li><\/ul><\/div><\/div><\/div>","protected":false},"excerpt":{"rendered":"<p>Kreisliga Mitte 1994-95 Pl. Teams Sp Tore Diff Pkt. 1. VfL Emslage 30 76 : 26 50 50 : 10 2. SV Holte (A) 30 40 : 37 3 35 : 25 3. Union Meppen (A) 30 56 : 42 14 34 : 26 4. SC Adorf 30 57 : 55 2 34 : 26 [&hellip;]<\/p>\n<div class=\"sharedaddy sd-sharing-enabled\"><div class=\"robots-nocontent sd-block sd-social sd-social-official sd-sharing\"><h3 class=\"sd-title\">Teilen mit:<\/h3><div class=\"sd-content\"><ul><li class=\"share-facebook\"><div class=\"fb-share-button\" data-href=\"http:\/\/www.emslandkicker.de\/?page_id=739\" data-layout=\"button_count\"><\/div><\/li><li class=\"share-twitter\"><a href=\"https:\/\/twitter.com\/share\" class=\"twitter-share-button\" data-url=\"http:\/\/www.emslandkicker.de\/?page_id=739\" data-text=\"Tabelle Kreisliga Mitte 1994-95\" data-via=\"Emslandkicker\" >Tweet<\/a><\/li><li class=\"share-email\"><a rel=\"nofollow noopener noreferrer\" data-shared=\"\" class=\"share-email sd-button\" href=\"mailto:?subject=%5BGeteilter%20Beitrag%5D%20Tabelle%20Kreisliga%20Mitte%201994-95&body=http%3A%2F%2Fwww.emslandkicker.de%2F%3Fpage_id%3D739&share=email\" target=\"_blank\" title=\"Click to email a link to a friend\" data-email-share-error-title=\"Do you have email set up?\" data-email-share-error-text=\"If you&#039;re having problems sharing via email, you might not have email set up for your browser. You may need to create a new email yourself.\" data-email-share-nonce=\"1271571816\" data-email-share-track-url=\"http:\/\/www.emslandkicker.de\/?page_id=739&amp;share=email\"><span>E-Mail<\/span><\/a><\/li><li class=\"share-print\"><a rel=\"nofollow noopener noreferrer\" data-shared=\"\" class=\"share-print sd-button\" href=\"http:\/\/www.emslandkicker.de\/?page_id=739\" target=\"_blank\" title=\"Klicken zum Ausdrucken\" ><span>Drucken<\/span><\/a><\/li><li class=\"share-end\"><\/li><\/ul><\/div><\/div><\/div>","protected":false},"author":1,"featured_media":203,"parent":453,"menu_order":85,"comment_status":"open","ping_status":"open","template":"","meta":{"footnotes":""},"class_list":["post-739","page","type-page","status-publish","has-post-thumbnail","hentry"],"jetpack_sharing_enabled":true,"jetpack_shortlink":"https:\/\/wp.me\/P5etIj-bV","jetpack-related-posts":[{"id":453,"url":"http:\/\/www.emslandkicker.de\/?page_id=453","url_meta":{"origin":739,"position":0},"title":"Kreisligameister bis 1995","date":"8. November 2014","format":false,"excerpt":"Kreisliga 1976-77 [Einf\u00fchrung der Kreisligen] Tab. Nord Mitte VfL Emslage S\u00fcd Kreisliga 1977-78 Nord Mitte SV Dalum S\u00fcd Kreisliga 1978-79 Nord Sigiltra S\u00f6gel Mitte DJK Fehndorf S\u00fcd Kreisliga 1979-80 Nord Germ. 08 Papenburg * Mitte SV Erika-A. S\u00fcd Germ. Thuine Kreisliga 1980-81 Nord FC Bockholte Mitte TuS Haren S\u00fcd SG\u2026","rel":"","context":"Similar post","img":{"alt_text":"","src":"","width":0,"height":0},"classes":[]},{"id":573,"url":"http:\/\/www.emslandkicker.de\/?page_id=573","url_meta":{"origin":739,"position":1},"title":"Tabelle Kreisliga Nord 1982-83","date":"11. November 2014","format":false,"excerpt":"Kreisliga Nord 1982-83 Pl Verein Sp Tore Diff. Pkt 1. Germ. Papenburg 30 95 : 34 61 50 : 10 2. Viktr. Ahlen-St. 30 69 : 40 29 39 : 21 3. SV Holte 30 59 : 34 25 39 : 21 4. Raspo B\u00f6rgermoor 30 73 : 50 23\u2026","rel":"","context":"Similar post","img":{"alt_text":"","src":"","width":0,"height":0},"classes":[]},{"id":882,"url":"http:\/\/www.emslandkicker.de\/?page_id=882","url_meta":{"origin":739,"position":2},"title":"SV Dalum &#8211; Ligachronik","date":"3. Dezember 2014","format":false,"excerpt":"Verein Saison Liga Platz Tab. Info SV Dalum 1950-51 Kreisliga 3. SV Dalum 1951-52 Kreisliga 1. SV Dalum 1952-53 Bezirksklasse 6. SV Dalum 1953-54 Bezirksklasse 11. SV Dalum 1954-55 Bezirksklasse 5. SV Dalum 1955-56 Bezirksklasse 7. SV Dalum 1956-57 Bezirksklasse 10. SV Dalum 1957-58 Bezirksklasse 15. SV Dalum 1958-59 1.\u2026","rel":"","context":"Similar post","img":{"alt_text":"","src":"","width":0,"height":0},"classes":[]},{"id":471,"url":"http:\/\/www.emslandkicker.de\/?page_id=471","url_meta":{"origin":739,"position":3},"title":"Tabelle Kreisliga Mitte 1990-91","date":"8. November 2014","format":false,"excerpt":"Kreisliga Mitte 1990-91 Pl. Teams Sp Tore Diff Pkt. 1. Union Meppen 30 79 : 17 62 51 : 9 2. SV Holte 30 78 : 24 54 50 : 10 3. Conc. Schleper 30 77 : 47 30 42 : 18 4. SV Teglingen 30 42 : 37 5\u2026","rel":"","context":"Similar post","img":{"alt_text":"","src":"","width":0,"height":0},"classes":[]},{"id":733,"url":"http:\/\/www.emslandkicker.de\/?page_id=733","url_meta":{"origin":739,"position":4},"title":"Tabelle Kreisliga Mitte 1987-88","date":"22. November 2014","format":false,"excerpt":"Kreisliga Mitte 1987-88 Pl. Teams Sp Tore Diff Pkt. 1. GW Lehrte 30 61 : 28 33 45 : 15 2. SV Holte 30 58 : 29 29 40 : 20 3. SV Gr. Hesepe 30 66 : 32 34 39 : 21 4. VfL Emslage 30 67 : 40\u2026","rel":"","context":"Similar post","img":{"alt_text":"","src":"","width":0,"height":0},"classes":[]},{"id":735,"url":"http:\/\/www.emslandkicker.de\/?page_id=735","url_meta":{"origin":739,"position":5},"title":"Tabelle Kreisliga Mitte 1992-93","date":"22. November 2014","format":false,"excerpt":"Kreisliga Mitte 1992-93 Pl. Teams Sp Tore Diff Pkt. 1. SV Teglingen 30 60 : 26 34 44 : 16 2. SG L\u00e4hden 30 64 : 41 23 36 : 24 3. VfL Emslage 30 55 : 35 20 36 : 24 4. SC Adorf (N) 30 58 : 55\u2026","rel":"","context":"Similar post","img":{"alt_text":"","src":"","width":0,"height":0},"classes":[]}],"jetpack_likes_enabled":true,"_links":{"self":[{"href":"http:\/\/www.emslandkicker.de\/index.php?rest_route=\/wp\/v2\/pages\/739","targetHints":{"allow":["GET"]}}],"collection":[{"href":"http:\/\/www.emslandkicker.de\/index.php?rest_route=\/wp\/v2\/pages"}],"about":[{"href":"http:\/\/www.emslandkicker.de\/index.php?rest_route=\/wp\/v2\/types\/page"}],"author":[{"embeddable":true,"href":"http:\/\/www.emslandkicker.de\/index.php?rest_route=\/wp\/v2\/users\/1"}],"replies":[{"embeddable":true,"href":"http:\/\/www.emslandkicker.de\/index.php?rest_route=%2Fwp%2Fv2%2Fcomments&post=739"}],"version-history":[{"count":0,"href":"http:\/\/www.emslandkicker.de\/index.php?rest_route=\/wp\/v2\/pages\/739\/revisions"}],"up":[{"embeddable":true,"href":"http:\/\/www.emslandkicker.de\/index.php?rest_route=\/wp\/v2\/pages\/453"}],"wp:featuredmedia":[{"embeddable":true,"href":"http:\/\/www.emslandkicker.de\/index.php?rest_route=\/wp\/v2\/media\/203"}],"wp:attachment":[{"href":"http:\/\/www.emslandkicker.de\/index.php?rest_route=%2Fwp%2Fv2%2Fmedia&parent=739"}],"curies":[{"name":"wp","href":"https:\/\/api.w.org\/{rel}","templated":true}]}}