{"id":769,"date":"2014-11-25T09:47:26","date_gmt":"2014-11-25T07:47:26","guid":{"rendered":"http:\/\/www.emslandkicker.de\/?page_id=769"},"modified":"2015-03-21T10:19:30","modified_gmt":"2015-03-21T08:19:30","slug":"tabelle-bezirksklasse-nord-1972-73","status":"publish","type":"page","link":"http:\/\/www.emslandkicker.de\/?page_id=769","title":{"rendered":"Tabelle Bezirksklasse Nord 1972-73"},"content":{"rendered":"<div class=\"pdfprnt-buttons pdfprnt-buttons-page pdfprnt-top-right\"><a href=\"http:\/\/www.emslandkicker.de\/index.php?rest_route=%2Fwp%2Fv2%2Fpages%2F769&print=pdf\" class=\"pdfprnt-button pdfprnt-button-pdf\" target=\"_blank\"><img decoding=\"async\" src=\"https:\/\/i0.wp.com\/www.emslandkicker.de\/wp-content\/plugins\/pdf-print\/images\/pdf.png?w=610\" alt=\"image_pdf\" title=\"View PDF\" data-recalc-dims=\"1\" \/><\/a><a href=\"http:\/\/www.emslandkicker.de\/index.php?rest_route=%2Fwp%2Fv2%2Fpages%2F769&print=print\" class=\"pdfprnt-button pdfprnt-button-print\" target=\"_blank\"><img decoding=\"async\" src=\"https:\/\/i0.wp.com\/www.emslandkicker.de\/wp-content\/plugins\/pdf-print\/images\/print.png?w=610\" alt=\"image_print\" title=\"Print Content\" data-recalc-dims=\"1\" \/><\/a><\/div><table width=\"100%&quot;\" cellspacing=\"5\" cellpadding=\"0\">\n<tbody>\n<tr>\n<td colspan=\"10\"><strong>Bezirksklasse Nord 1972-73<\/strong><\/td>\n<\/tr>\n<tr>\n<td bgcolor=\"#CCCCCC\"><strong>Pl.<\/strong><\/td>\n<td bgcolor=\"#CCCCCC\"><strong>Verein<\/strong><\/td>\n<td bgcolor=\"#CCCCCC\"><strong>Sp<\/strong><\/td>\n<td colspan=\"3\" bgcolor=\"#CCCCCC\"><strong>Tore<\/strong><\/td>\n<td bgcolor=\"#CCCCCC\"><strong>Diff.<\/strong><\/td>\n<td colspan=\"3\" bgcolor=\"#CCCCCC\"><strong>Pkt.<\/strong><\/td>\n<\/tr>\n<tr>\n<td bgcolor=\"#66ff33\">1.<\/td>\n<td bgcolor=\"#66ff33\">WE Nordhorn<\/td>\n<td align=\"right\" bgcolor=\"#66ff33\">30<\/td>\n<td align=\"right\" bgcolor=\"#66ff33\">80<\/td>\n<td bgcolor=\"#66ff33\">:<\/td>\n<td align=\"right\" bgcolor=\"#66ff33\">38<\/td>\n<td align=\"right\" bgcolor=\"#66ff33\">42<\/td>\n<td align=\"right\" bgcolor=\"#66ff33\">46<\/td>\n<td bgcolor=\"#66ff33\">:<\/td>\n<td align=\"right\" bgcolor=\"#66ff33\">14<\/td>\n<\/tr>\n<tr>\n<td>2.<\/td>\n<td>Vorw. Nordhorn (?)<\/td>\n<td align=\"right\">30<\/td>\n<td align=\"right\">72<\/td>\n<td>:<\/td>\n<td align=\"right\">28<\/td>\n<td align=\"right\">44<\/td>\n<td align=\"right\">44<\/td>\n<td>:<\/td>\n<td align=\"right\">16<\/td>\n<\/tr>\n<tr>\n<td>3.<\/td>\n<td>VfL Nordhorn<\/td>\n<td align=\"right\">30<\/td>\n<td align=\"right\">60<\/td>\n<td>:<\/td>\n<td align=\"right\">51<\/td>\n<td align=\"right\">9<\/td>\n<td align=\"right\">34<\/td>\n<td>:<\/td>\n<td align=\"right\">26<\/td>\n<\/tr>\n<tr>\n<td>4.<\/td>\n<td>Grenzl. Twist<\/td>\n<td align=\"right\">30<\/td>\n<td align=\"right\">51<\/td>\n<td>:<\/td>\n<td align=\"right\">47<\/td>\n<td align=\"right\">4<\/td>\n<td align=\"right\">34<\/td>\n<td>:<\/td>\n<td align=\"right\">26<\/td>\n<\/tr>\n<tr>\n<td>5.<\/td>\n<td>FC Wesuwe (N)<\/td>\n<td align=\"right\">30<\/td>\n<td align=\"right\">64<\/td>\n<td>:<\/td>\n<td align=\"right\">56<\/td>\n<td align=\"right\">8<\/td>\n<td align=\"right\">32<\/td>\n<td>:<\/td>\n<td align=\"right\">28<\/td>\n<\/tr>\n<tr>\n<td>6.<\/td>\n<td>Raspo Lathen<\/td>\n<td align=\"right\">30<\/td>\n<td align=\"right\">46<\/td>\n<td>:<\/td>\n<td align=\"right\">49<\/td>\n<td align=\"right\">-3<\/td>\n<td align=\"right\">32<\/td>\n<td>:<\/td>\n<td align=\"right\">28<\/td>\n<\/tr>\n<tr>\n<td>7.<\/td>\n<td>Germania Twist<\/td>\n<td align=\"right\">30<\/td>\n<td align=\"right\">47<\/td>\n<td>:<\/td>\n<td align=\"right\">61<\/td>\n<td align=\"right\">-14<\/td>\n<td align=\"right\">32<\/td>\n<td>:<\/td>\n<td align=\"right\">28<\/td>\n<\/tr>\n<tr>\n<td>8.<\/td>\n<td>Union Meppen<\/td>\n<td align=\"right\">30<\/td>\n<td align=\"right\">52<\/td>\n<td>:<\/td>\n<td align=\"right\">48<\/td>\n<td align=\"right\">4<\/td>\n<td align=\"right\">31<\/td>\n<td>:<\/td>\n<td align=\"right\">29<\/td>\n<\/tr>\n<tr>\n<td>9.<\/td>\n<td>Eintr. Nordhorn 2<\/td>\n<td align=\"right\">30<\/td>\n<td align=\"right\">63<\/td>\n<td>:<\/td>\n<td align=\"right\">61<\/td>\n<td align=\"right\">2<\/td>\n<td align=\"right\">31<\/td>\n<td>:<\/td>\n<td align=\"right\">29<\/td>\n<\/tr>\n<tr>\n<td>10.<\/td>\n<td>BW D\u00f6rpen (N)<\/td>\n<td align=\"right\">30<\/td>\n<td align=\"right\">39<\/td>\n<td>:<\/td>\n<td align=\"right\">39<\/td>\n<td align=\"right\">0<\/td>\n<td align=\"right\">31<\/td>\n<td>:<\/td>\n<td align=\"right\">29<\/td>\n<\/tr>\n<tr>\n<td>11.<\/td>\n<td>SV B\u00f6rgerwald<\/td>\n<td align=\"right\">30<\/td>\n<td align=\"right\">59<\/td>\n<td>:<\/td>\n<td align=\"right\">55<\/td>\n<td align=\"right\">4<\/td>\n<td align=\"right\">28<\/td>\n<td>:<\/td>\n<td align=\"right\">32<\/td>\n<\/tr>\n<tr>\n<td>12.<\/td>\n<td>SV Bad Bentheim (?)<\/td>\n<td align=\"right\">30<\/td>\n<td align=\"right\">37<\/td>\n<td>:<\/td>\n<td align=\"right\">45<\/td>\n<td align=\"right\">-8<\/td>\n<td align=\"right\">26<\/td>\n<td>:<\/td>\n<td align=\"right\">34<\/td>\n<\/tr>\n<tr>\n<td>13.<\/td>\n<td>DJK Fehndorf<\/td>\n<td align=\"right\">30<\/td>\n<td align=\"right\">43<\/td>\n<td>:<\/td>\n<td align=\"right\">55<\/td>\n<td align=\"right\">-12<\/td>\n<td align=\"right\">25<\/td>\n<td>:<\/td>\n<td align=\"right\">35<\/td>\n<\/tr>\n<tr>\n<td>14.<\/td>\n<td>Sparta Nordhorn (A)<\/td>\n<td align=\"right\">30<\/td>\n<td align=\"right\">48<\/td>\n<td>:<\/td>\n<td align=\"right\">56<\/td>\n<td align=\"right\">-8<\/td>\n<td align=\"right\">22<\/td>\n<td>:<\/td>\n<td align=\"right\">38<\/td>\n<\/tr>\n<tr>\n<td bgcolor=\"#ff9999\">15.<\/td>\n<td bgcolor=\"#ff9999\">SF Schwefingen<\/td>\n<td align=\"right\" bgcolor=\"#ff9999\">30<\/td>\n<td align=\"right\" bgcolor=\"#ff9999\">46<\/td>\n<td bgcolor=\"#ff9999\">:<\/td>\n<td align=\"right\" bgcolor=\"#ff9999\">70<\/td>\n<td align=\"right\" bgcolor=\"#ff9999\">-24<\/td>\n<td align=\"right\" bgcolor=\"#ff9999\">21<\/td>\n<td bgcolor=\"#ff9999\">:<\/td>\n<td align=\"right\" bgcolor=\"#ff9999\">39<\/td>\n<\/tr>\n<tr>\n<td bgcolor=\"#ff9999\">16.<\/td>\n<td bgcolor=\"#ff9999\">SV Meppen 2<\/td>\n<td align=\"right\" bgcolor=\"#ff9999\">30<\/td>\n<td align=\"right\" bgcolor=\"#ff9999\">33<\/td>\n<td bgcolor=\"#ff9999\">:<\/td>\n<td align=\"right\" bgcolor=\"#ff9999\">81<\/td>\n<td align=\"right\" bgcolor=\"#ff9999\">-48<\/td>\n<td align=\"right\" bgcolor=\"#ff9999\">11<\/td>\n<td bgcolor=\"#ff9999\">:<\/td>\n<td align=\"right\" bgcolor=\"#ff9999\">49<\/td>\n<\/tr>\n<\/tbody>\n<\/table>\n<div class=\"sharedaddy sd-sharing-enabled\"><div class=\"robots-nocontent sd-block sd-social sd-social-official sd-sharing\"><h3 class=\"sd-title\">Teilen mit:<\/h3><div class=\"sd-content\"><ul><li class=\"share-facebook\"><div class=\"fb-share-button\" data-href=\"http:\/\/www.emslandkicker.de\/?page_id=769\" data-layout=\"button_count\"><\/div><\/li><li class=\"share-twitter\"><a href=\"https:\/\/twitter.com\/share\" class=\"twitter-share-button\" data-url=\"http:\/\/www.emslandkicker.de\/?page_id=769\" data-text=\"Tabelle Bezirksklasse Nord 1972-73\" data-via=\"Emslandkicker\" >Tweet<\/a><\/li><li class=\"share-email\"><a rel=\"nofollow noopener noreferrer\" data-shared=\"\" class=\"share-email sd-button\" href=\"mailto:?subject=%5BGeteilter%20Beitrag%5D%20Tabelle%20Bezirksklasse%20Nord%201972-73&body=http%3A%2F%2Fwww.emslandkicker.de%2F%3Fpage_id%3D769&share=email\" target=\"_blank\" title=\"Click to email a link to a friend\" data-email-share-error-title=\"Do you have email set up?\" data-email-share-error-text=\"If you&#039;re having problems sharing via email, you might not have email set up for your browser. You may need to create a new email yourself.\" data-email-share-nonce=\"d4a64ab4ea\" data-email-share-track-url=\"http:\/\/www.emslandkicker.de\/?page_id=769&amp;share=email\"><span>E-Mail<\/span><\/a><\/li><li class=\"share-print\"><a rel=\"nofollow noopener noreferrer\" data-shared=\"\" class=\"share-print sd-button\" href=\"http:\/\/www.emslandkicker.de\/?page_id=769\" target=\"_blank\" title=\"Klicken zum Ausdrucken\" ><span>Drucken<\/span><\/a><\/li><li class=\"share-end\"><\/li><\/ul><\/div><\/div><\/div>","protected":false},"excerpt":{"rendered":"<p>Bezirksklasse Nord 1972-73 Pl. Verein Sp Tore Diff. Pkt. 1. WE Nordhorn 30 80 : 38 42 46 : 14 2. Vorw. Nordhorn (?) 30 72 : 28 44 44 : 16 3. VfL Nordhorn 30 60 : 51 9 34 : 26 4. Grenzl. Twist 30 51 : 47 4 34 : 26 5. [&hellip;]<\/p>\n<div class=\"sharedaddy sd-sharing-enabled\"><div class=\"robots-nocontent sd-block sd-social sd-social-official sd-sharing\"><h3 class=\"sd-title\">Teilen mit:<\/h3><div class=\"sd-content\"><ul><li class=\"share-facebook\"><div class=\"fb-share-button\" data-href=\"http:\/\/www.emslandkicker.de\/?page_id=769\" data-layout=\"button_count\"><\/div><\/li><li class=\"share-twitter\"><a href=\"https:\/\/twitter.com\/share\" class=\"twitter-share-button\" data-url=\"http:\/\/www.emslandkicker.de\/?page_id=769\" data-text=\"Tabelle Bezirksklasse Nord 1972-73\" data-via=\"Emslandkicker\" >Tweet<\/a><\/li><li class=\"share-email\"><a rel=\"nofollow noopener noreferrer\" data-shared=\"\" class=\"share-email sd-button\" href=\"mailto:?subject=%5BGeteilter%20Beitrag%5D%20Tabelle%20Bezirksklasse%20Nord%201972-73&body=http%3A%2F%2Fwww.emslandkicker.de%2F%3Fpage_id%3D769&share=email\" target=\"_blank\" title=\"Click to email a link to a friend\" data-email-share-error-title=\"Do you have email set up?\" data-email-share-error-text=\"If you&#039;re having problems sharing via email, you might not have email set up for your browser. You may need to create a new email yourself.\" data-email-share-nonce=\"d4a64ab4ea\" data-email-share-track-url=\"http:\/\/www.emslandkicker.de\/?page_id=769&amp;share=email\"><span>E-Mail<\/span><\/a><\/li><li class=\"share-print\"><a rel=\"nofollow noopener noreferrer\" data-shared=\"\" class=\"share-print sd-button\" href=\"http:\/\/www.emslandkicker.de\/?page_id=769\" target=\"_blank\" title=\"Klicken zum Ausdrucken\" ><span>Drucken<\/span><\/a><\/li><li class=\"share-end\"><\/li><\/ul><\/div><\/div><\/div>","protected":false},"author":1,"featured_media":203,"parent":614,"menu_order":48,"comment_status":"open","ping_status":"open","template":"","meta":{"footnotes":""},"class_list":["post-769","page","type-page","status-publish","has-post-thumbnail","hentry"],"jetpack_sharing_enabled":true,"jetpack_shortlink":"https:\/\/wp.me\/P5etIj-cp","jetpack-related-posts":[{"id":614,"url":"http:\/\/www.emslandkicker.de\/?page_id=614","url_meta":{"origin":769,"position":0},"title":"Meister Bezirksklasse seit 1949-50","date":"13. November 2014","format":false,"excerpt":"Saison Bezirksklasse EL Tab. 1949-50 Hasel\u00fcnner SV 1950-51 TuS Lingen 1951-52 SV Dalum 1952-53 Hasel\u00fcnner SV 1953-54 TuS Lingen 1954-55 Union Meppen 1955-56 1956-57 SV Meppen 1957-58 1958-59 1959-60 Conc. Emsb\u00fcrren 1960-61 1961-62 Alem. Salzbergen 1962-63 Eintr. Nordhorn 2 1963-64 Amisia Papenburg 1964-65 SF Schwefingen 1965-66 Union Meppen 1966-67 Sparta\u2026","rel":"","context":"Similar post","img":{"alt_text":"","src":"","width":0,"height":0},"classes":[]},{"id":774,"url":"http:\/\/www.emslandkicker.de\/?page_id=774","url_meta":{"origin":769,"position":1},"title":"Tabelle Bezirksklasse Nord 1974-75","date":"25. November 2014","format":false,"excerpt":"Bezirksklasse Nord 1974-75 Pl. Verein Sp Tore Diff. Pkt. 1. Union Meppen 30 61 : 33 28 44 : 16 2. TuS Haren (N) 30 64 : 29 35 43 : 17 3. Bor. Neuenhaus (N) 30 62 : 35 27 36 : 24 4. Sparta Nordhorn 30 60 :\u2026","rel":"","context":"Similar post","img":{"alt_text":"","src":"","width":0,"height":0},"classes":[]},{"id":757,"url":"http:\/\/www.emslandkicker.de\/?page_id=757","url_meta":{"origin":769,"position":2},"title":"Tabelle Bezirksklasse Nord 1970-71","date":"25. November 2014","format":false,"excerpt":"Bezirksklasse Nord 1970-71 Pl. Verein Sp Tore Diff. Pkt. 1. Union Emlichheim 30 61 : 40 21 42 : 18 2. SF Schwefingen 30 65 : 45 20 39 : 21 3. VfL Nordhorn 30 73 : 54 19 38 : 22 4. Union Meppen 30 61 : 44 17\u2026","rel":"","context":"Similar post","img":{"alt_text":"","src":"","width":0,"height":0},"classes":[]},{"id":785,"url":"http:\/\/www.emslandkicker.de\/?page_id=785","url_meta":{"origin":769,"position":3},"title":"Tabelle Bezirksklasse EL 1962-63","date":"25. November 2014","format":false,"excerpt":"Bezirksklasse EL 1962-63 (keine Abschlusstabelle - Auf- und Absteiger stimmen) Pl. Verein Sp S U N Tore Diff. Pkt. 1. Eintr. Nordhorn 2 26 20 1 5 97 : 24 73 41 : 11 2. Amisia Papenburg 27 17 5 5 66 : 33 33 39 : 15 3. SF\u2026","rel":"","context":"Similar post","img":{"alt_text":"","src":"","width":0,"height":0},"classes":[]},{"id":772,"url":"http:\/\/www.emslandkicker.de\/?page_id=772","url_meta":{"origin":769,"position":4},"title":"Tabelle Bezirksklasse Nord 1973-74","date":"25. November 2014","format":false,"excerpt":"Bezirksklasse Nord 1973-74 Pl. Verein Sp Tore Diff. Pkt. 1. Vorw. Nordhorn 30 83 : 38 45 48 : 12 2. Conc. Sch\u00f6ninghsdorf (N) 30 72 : 36 36 44 : 16 3. VfL Nordhorn 30 75 : 38 37 41 : 19 4. Sparta Nordhorn 30 60 : 36\u2026","rel":"","context":"Similar post","img":{"alt_text":"","src":"","width":0,"height":0},"classes":[]},{"id":767,"url":"http:\/\/www.emslandkicker.de\/?page_id=767","url_meta":{"origin":769,"position":5},"title":"Tabelle Bezirksklasse Nord 1971-72","date":"25. November 2014","format":false,"excerpt":"Bezirksklasse Nord 1971-72 Pl. Verein Sp Tore Diff. Pkt. 1. TuS Aschendorf 30 76 : 44 32 40 : 20 2. WE Nordhorn 30 63 : 44 19 39 : 21 3. VfL Nordhorn 30 63 : 50 13 37 : 23 4. Raspo Lathen (N) 30 52 : 50\u2026","rel":"","context":"Similar post","img":{"alt_text":"","src":"","width":0,"height":0},"classes":[]}],"jetpack_likes_enabled":true,"_links":{"self":[{"href":"http:\/\/www.emslandkicker.de\/index.php?rest_route=\/wp\/v2\/pages\/769","targetHints":{"allow":["GET"]}}],"collection":[{"href":"http:\/\/www.emslandkicker.de\/index.php?rest_route=\/wp\/v2\/pages"}],"about":[{"href":"http:\/\/www.emslandkicker.de\/index.php?rest_route=\/wp\/v2\/types\/page"}],"author":[{"embeddable":true,"href":"http:\/\/www.emslandkicker.de\/index.php?rest_route=\/wp\/v2\/users\/1"}],"replies":[{"embeddable":true,"href":"http:\/\/www.emslandkicker.de\/index.php?rest_route=%2Fwp%2Fv2%2Fcomments&post=769"}],"version-history":[{"count":0,"href":"http:\/\/www.emslandkicker.de\/index.php?rest_route=\/wp\/v2\/pages\/769\/revisions"}],"up":[{"embeddable":true,"href":"http:\/\/www.emslandkicker.de\/index.php?rest_route=\/wp\/v2\/pages\/614"}],"wp:featuredmedia":[{"embeddable":true,"href":"http:\/\/www.emslandkicker.de\/index.php?rest_route=\/wp\/v2\/media\/203"}],"wp:attachment":[{"href":"http:\/\/www.emslandkicker.de\/index.php?rest_route=%2Fwp%2Fv2%2Fmedia&parent=769"}],"curies":[{"name":"wp","href":"https:\/\/api.w.org\/{rel}","templated":true}]}}