{"id":887,"date":"2014-12-04T21:24:24","date_gmt":"2014-12-04T19:24:24","guid":{"rendered":"http:\/\/www.emslandkicker.de\/?page_id=887"},"modified":"2014-12-04T23:01:01","modified_gmt":"2014-12-04T21:01:01","slug":"sv-dalum-1978-79","status":"publish","type":"page","link":"http:\/\/www.emslandkicker.de\/?page_id=887","title":{"rendered":"SV Dalum 1977-78"},"content":{"rendered":"<div class=\"pdfprnt-buttons pdfprnt-buttons-page pdfprnt-top-right\"><a href=\"http:\/\/www.emslandkicker.de\/index.php?rest_route=%2Fwp%2Fv2%2Fpages%2F887&print=pdf\" class=\"pdfprnt-button pdfprnt-button-pdf\" target=\"_blank\"><img decoding=\"async\" src=\"https:\/\/i0.wp.com\/www.emslandkicker.de\/wp-content\/plugins\/pdf-print\/images\/pdf.png?w=610\" alt=\"image_pdf\" title=\"View PDF\" data-recalc-dims=\"1\" \/><\/a><a href=\"http:\/\/www.emslandkicker.de\/index.php?rest_route=%2Fwp%2Fv2%2Fpages%2F887&print=print\" class=\"pdfprnt-button pdfprnt-button-print\" target=\"_blank\"><img decoding=\"async\" src=\"https:\/\/i0.wp.com\/www.emslandkicker.de\/wp-content\/plugins\/pdf-print\/images\/print.png?w=610\" alt=\"image_print\" title=\"Print Content\" data-recalc-dims=\"1\" \/><\/a><\/div><div align=\"center\"><a title=\"Emslandkicker\" href=\"http:\/\/www.emslandkicker.de\/?page_id=675\"><img decoding=\"async\" src=\"https:\/\/i0.wp.com\/www.emslandkicker.de\/wp-content\/uploads\/nostalgie\/vl\/ek-svd.jpg?w=610\" alt=\"Emslandkicker\" data-recalc-dims=\"1\" \/><\/a><\/div>\n<h2><strong>SV Dalum 1977-78<\/strong><\/h2>\n<h3><strong>Mannschaftskader Meisterelf<\/strong><\/h3>\n<p>Betreuer Willi Jansen, Hermann-Josef Rosken, Heinz Blaauw, Josef Lammers, Helmut Titze, Helmut Tallen, Reinhard Pohl, Bernd Plagge, Hermann Lammers, Wilfried eckelhofs, Hermann Rosken, Thomas Rennock, Hubert Egbers, Willi Meyer, Hubert Rosken, Werner Hessel, Leo Pott, Detlef Engler<\/p>\n<div class=\"sharedaddy sd-sharing-enabled\"><div class=\"robots-nocontent sd-block sd-social sd-social-official sd-sharing\"><h3 class=\"sd-title\">Teilen mit:<\/h3><div class=\"sd-content\"><ul><li class=\"share-facebook\"><div class=\"fb-share-button\" data-href=\"http:\/\/www.emslandkicker.de\/?page_id=887\" data-layout=\"button_count\"><\/div><\/li><li class=\"share-twitter\"><a href=\"https:\/\/twitter.com\/share\" class=\"twitter-share-button\" data-url=\"http:\/\/www.emslandkicker.de\/?page_id=887\" data-text=\"SV Dalum 1977-78\" data-via=\"Emslandkicker\" >Tweet<\/a><\/li><li class=\"share-email\"><a rel=\"nofollow noopener noreferrer\" data-shared=\"\" class=\"share-email sd-button\" href=\"mailto:?subject=%5BGeteilter%20Beitrag%5D%20SV%20Dalum%201977-78&body=http%3A%2F%2Fwww.emslandkicker.de%2F%3Fpage_id%3D887&share=email\" target=\"_blank\" title=\"Click to email a link to a friend\" data-email-share-error-title=\"Do you have email set up?\" data-email-share-error-text=\"If you&#039;re having problems sharing via email, you might not have email set up for your browser. You may need to create a new email yourself.\" data-email-share-nonce=\"1a7fb14bca\" data-email-share-track-url=\"http:\/\/www.emslandkicker.de\/?page_id=887&amp;share=email\"><span>E-Mail<\/span><\/a><\/li><li class=\"share-print\"><a rel=\"nofollow noopener noreferrer\" data-shared=\"\" class=\"share-print sd-button\" href=\"http:\/\/www.emslandkicker.de\/?page_id=887\" target=\"_blank\" title=\"Klicken zum Ausdrucken\" ><span>Drucken<\/span><\/a><\/li><li class=\"share-end\"><\/li><\/ul><\/div><\/div><\/div>","protected":false},"excerpt":{"rendered":"<p>SV Dalum 1977-78 Mannschaftskader Meisterelf Betreuer Willi Jansen, Hermann-Josef Rosken, Heinz Blaauw, Josef Lammers, Helmut Titze, Helmut Tallen, Reinhard Pohl, Bernd Plagge, Hermann Lammers, Wilfried eckelhofs, Hermann Rosken, Thomas Rennock, Hubert Egbers, Willi Meyer, Hubert Rosken, Werner Hessel, Leo Pott, Detlef Engler<\/p>\n<div class=\"sharedaddy sd-sharing-enabled\"><div class=\"robots-nocontent sd-block sd-social sd-social-official sd-sharing\"><h3 class=\"sd-title\">Teilen mit:<\/h3><div class=\"sd-content\"><ul><li class=\"share-facebook\"><div class=\"fb-share-button\" data-href=\"http:\/\/www.emslandkicker.de\/?page_id=887\" data-layout=\"button_count\"><\/div><\/li><li class=\"share-twitter\"><a href=\"https:\/\/twitter.com\/share\" class=\"twitter-share-button\" data-url=\"http:\/\/www.emslandkicker.de\/?page_id=887\" data-text=\"SV Dalum 1977-78\" data-via=\"Emslandkicker\" >Tweet<\/a><\/li><li class=\"share-email\"><a rel=\"nofollow noopener noreferrer\" data-shared=\"\" class=\"share-email sd-button\" href=\"mailto:?subject=%5BGeteilter%20Beitrag%5D%20SV%20Dalum%201977-78&body=http%3A%2F%2Fwww.emslandkicker.de%2F%3Fpage_id%3D887&share=email\" target=\"_blank\" title=\"Click to email a link to a friend\" data-email-share-error-title=\"Do you have email set up?\" data-email-share-error-text=\"If you&#039;re having problems sharing via email, you might not have email set up for your browser. You may need to create a new email yourself.\" data-email-share-nonce=\"1a7fb14bca\" data-email-share-track-url=\"http:\/\/www.emslandkicker.de\/?page_id=887&amp;share=email\"><span>E-Mail<\/span><\/a><\/li><li class=\"share-print\"><a rel=\"nofollow noopener noreferrer\" data-shared=\"\" class=\"share-print sd-button\" href=\"http:\/\/www.emslandkicker.de\/?page_id=887\" target=\"_blank\" title=\"Klicken zum Ausdrucken\" ><span>Drucken<\/span><\/a><\/li><li class=\"share-end\"><\/li><\/ul><\/div><\/div><\/div>","protected":false},"author":1,"featured_media":203,"parent":882,"menu_order":13,"comment_status":"open","ping_status":"open","template":"","meta":{"footnotes":""},"class_list":["post-887","page","type-page","status-publish","has-post-thumbnail","hentry"],"jetpack_sharing_enabled":true,"jetpack_shortlink":"https:\/\/wp.me\/P5etIj-ej","jetpack-related-posts":[{"id":892,"url":"http:\/\/www.emslandkicker.de\/?page_id=892","url_meta":{"origin":887,"position":0},"title":"SV Dalum 1986-87","date":"4. Dezember 2014","format":false,"excerpt":"SV Dalum 1986-87 Mannschaftskader Abg\u00e4nge: Matthis Topphoff (SF Schwefingen), Reinhold Robben (Laufbahnende) Zug\u00e4nge: Hermann Kuper (VfL Emslage), Frank Aepken, Detlef Els, Werner Bormes, Hermann L\u00fcken, Frank Steffens und Michael Keute (alle Eigene Junioren) Matthias Pache, Frank Aepken, Detlef Els, Werner Bormes, Hermann L\u00fcken, Frank Steffens, Michael Keute, Rolf Lehmann, Heinz\u2026","rel":"","context":"Similar post","img":{"alt_text":"","src":"","width":0,"height":0},"classes":[]},{"id":885,"url":"http:\/\/www.emslandkicker.de\/?page_id=885","url_meta":{"origin":887,"position":1},"title":"SV Dalum 1968-69","date":"4. Dezember 2014","format":false,"excerpt":"SV Dalum 1968-69 Mannschaftskader Hans Rosken, Harald Hoffmann, Klaus Ott, Alfons M\u00f6ller, Willi Jansen, Alfons Lingers, Alois Spiekermann, Hermann Brockhaus, Heinz Blaauw, Helmut Titze, Werner Schnieders, G\u00fcnter Blome","rel":"","context":"Similar post","img":{"alt_text":"","src":"","width":0,"height":0},"classes":[]},{"id":914,"url":"http:\/\/www.emslandkicker.de\/?page_id=914","url_meta":{"origin":887,"position":2},"title":"Hasel\u00fcnner SV 1980-81","date":"5. Dezember 2014","format":false,"excerpt":"Hasel\u00fcnner SV Meisterelf 1980-81 Mannschaftskader G\u00fcnter L\u00fcbken, Hans Forsting, Georg (Klopper) Schulte, J\u00f6sef H\u00f6cker, Uwe (Max) Br\u00fcggen, Hermann-Josef Backsmann, Friedhelm (Frieda) L\u00fcbken, Helmut Milzarek, Christoph (Stan) Hating, Alfred (Fips) Gerbig, Peter Hoffmann, Werner Bild, Heiner Forsting, Hans Telkmann, Hermann-Josef Steinkamp Trainer: Paul Abeln, Betreuer: Helmut (Tarzan) Placke Verantwoetliche: Bernd (Bomber)\u2026","rel":"","context":"Similar post","img":{"alt_text":"","src":"","width":0,"height":0},"classes":[]},{"id":909,"url":"http:\/\/www.emslandkicker.de\/?page_id=909","url_meta":{"origin":887,"position":3},"title":"Hasel\u00fcnner SV 1963-64","date":"5. Dezember 2014","format":false,"excerpt":"Hasel\u00fcnner SV 1963-64 Mannschaftskader Heinz Leigers, Helmut (Tarzan) Placke, Wilhelm (Johnny) Forsting, Gerd Keller, Bernd Trenz, Hermann-Josef Schwaack, Albert Schmidt, August M\u00f6hlmann, Hermann Zuchgan, Ludger T\u00f6ller, Erwin Matschulat Trainer: Timmer","rel":"","context":"Similar post","img":{"alt_text":"","src":"","width":0,"height":0},"classes":[]},{"id":911,"url":"http:\/\/www.emslandkicker.de\/?page_id=911","url_meta":{"origin":887,"position":4},"title":"Hasel\u00fcnner SV 1969-70","date":"5. Dezember 2014","format":false,"excerpt":"Hasel\u00fcnner SV Meisterelf 1969-70 Mannschaftskader Franz Wester, Bernd Trenz, Franz Strodtk\u00f6tter, Alwin Kolmsee, August M\u00f6hlmann, Karl-Heinz Schnoor, Heiner Brundirs, Max Vehmeyer, Franz-Hermann (Bubi) K\u00f6hne, Hermann-Josef Vey, Helmut (Tarzan) Placke, Erwin Matschulat, Uli Brand Trainer: Paul Abeln Verantwoetliche: Carl-Wilhelm Vehmeyer, Otto Eller","rel":"","context":"Similar post","img":{"alt_text":"","src":"","width":0,"height":0},"classes":[]},{"id":510,"url":"http:\/\/www.emslandkicker.de\/?page_id=510","url_meta":{"origin":887,"position":5},"title":"Meister 2. Kreisklasse 1979-80","date":"10. November 2014","format":false,"excerpt":"Bild vergr\u00f6\u00dfern Conc. Schleper wurde mit98:27 Tore und 41:7 Pkunkten souver\u00e4n Meister der 2. Kreisklasse Mitte Staffel B und steigt in die 1. Kreisklasse auf. Unser Bild zeigt die Meistermannschaft: stehend v. l. Trainer Alfred Gerbig, Willi Schulte, Willli Gr\u00fcnloh, Gerd Sch\u00fctte, Heinz Gels, Dieter Vox, Josef Osterholthoff, Bernhard Wehrs,\u2026","rel":"","context":"Similar post","img":{"alt_text":"","src":"","width":0,"height":0},"classes":[]}],"jetpack_likes_enabled":true,"_links":{"self":[{"href":"http:\/\/www.emslandkicker.de\/index.php?rest_route=\/wp\/v2\/pages\/887","targetHints":{"allow":["GET"]}}],"collection":[{"href":"http:\/\/www.emslandkicker.de\/index.php?rest_route=\/wp\/v2\/pages"}],"about":[{"href":"http:\/\/www.emslandkicker.de\/index.php?rest_route=\/wp\/v2\/types\/page"}],"author":[{"embeddable":true,"href":"http:\/\/www.emslandkicker.de\/index.php?rest_route=\/wp\/v2\/users\/1"}],"replies":[{"embeddable":true,"href":"http:\/\/www.emslandkicker.de\/index.php?rest_route=%2Fwp%2Fv2%2Fcomments&post=887"}],"version-history":[{"count":0,"href":"http:\/\/www.emslandkicker.de\/index.php?rest_route=\/wp\/v2\/pages\/887\/revisions"}],"up":[{"embeddable":true,"href":"http:\/\/www.emslandkicker.de\/index.php?rest_route=\/wp\/v2\/pages\/882"}],"wp:featuredmedia":[{"embeddable":true,"href":"http:\/\/www.emslandkicker.de\/index.php?rest_route=\/wp\/v2\/media\/203"}],"wp:attachment":[{"href":"http:\/\/www.emslandkicker.de\/index.php?rest_route=%2Fwp%2Fv2%2Fmedia&parent=887"}],"curies":[{"name":"wp","href":"https:\/\/api.w.org\/{rel}","templated":true}]}}

SV Dalum 1986-87 Mannschaftskader Abgänge: Matthis Topphoff (SF Schwefingen), Reinhold Robben (Laufbahnende) Zugänge: Hermann Kuper (VfL Emslage), Frank Aepken, Detlef Els, Werner Bormes, Hermann Lüken, Frank Steffens und Michael Keute (alle Eigene Junioren) Matthias Pache, Frank Aepken, Detlef Els, Werner Bormes, Hermann Lüken, Frank Steffens, Michael Keute, Rolf Lehmann, Heinz…

SV Dalum 1968-69 Mannschaftskader Hans Rosken, Harald Hoffmann, Klaus Ott, Alfons Möller, Willi Jansen, Alfons Lingers, Alois Spiekermann, Hermann Brockhaus, Heinz Blaauw, Helmut Titze, Werner Schnieders, Günter Blome

Haselünner SV 1980-81

Haselünner SV Meisterelf 1980-81 Mannschaftskader Günter Lübken, Hans Forsting, Georg (Klopper) Schulte, Jösef Höcker, Uwe (Max) Brüggen, Hermann-Josef Backsmann, Friedhelm (Frieda) Lübken, Helmut Milzarek, Christoph (Stan) Hating, Alfred (Fips) Gerbig, Peter Hoffmann, Werner Bild, Heiner Forsting, Hans Telkmann, Hermann-Josef Steinkamp Trainer: Paul Abeln, Betreuer: Helmut (Tarzan) Placke Verantwoetliche: Bernd (Bomber)…

Haselünner SV 1963-64

Haselünner SV 1963-64 Mannschaftskader Heinz Leigers, Helmut (Tarzan) Placke, Wilhelm (Johnny) Forsting, Gerd Keller, Bernd Trenz, Hermann-Josef Schwaack, Albert Schmidt, August Möhlmann, Hermann Zuchgan, Ludger Töller, Erwin Matschulat Trainer: Timmer

Haselünner SV 1969-70

Haselünner SV Meisterelf 1969-70 Mannschaftskader Franz Wester, Bernd Trenz, Franz Strodtkötter, Alwin Kolmsee, August Möhlmann, Karl-Heinz Schnoor, Heiner Brundirs, Max Vehmeyer, Franz-Hermann (Bubi) Köhne, Hermann-Josef Vey, Helmut (Tarzan) Placke, Erwin Matschulat, Uli Brand Trainer: Paul Abeln Verantwoetliche: Carl-Wilhelm Vehmeyer, Otto Eller

Bild vergrößern Conc. Schleper wurde mit98:27 Tore und 41:7 Pkunkten souverän Meister der 2. Kreisklasse Mitte Staffel B und steigt in die 1. Kreisklasse auf. Unser Bild zeigt die Meistermannschaft: stehend v. l. Trainer Alfred Gerbig, Willi Schulte, Willli Grünloh, Gerd Schütte, Heinz Gels, Dieter Vox, Josef Osterholthoff, Bernhard Wehrs,…
