{"id":890,"date":"2014-12-04T21:56:47","date_gmt":"2014-12-04T19:56:47","guid":{"rendered":"http:\/\/www.emslandkicker.de\/?page_id=890"},"modified":"2014-12-04T21:58:59","modified_gmt":"2014-12-04T19:58:59","slug":"sv-dalum-2000-01","status":"publish","type":"page","link":"http:\/\/www.emslandkicker.de\/?page_id=890","title":{"rendered":"SV Dalum 2000-01"},"content":{"rendered":"<div class=\"pdfprnt-buttons pdfprnt-buttons-page pdfprnt-top-right\"><a href=\"http:\/\/www.emslandkicker.de\/index.php?rest_route=%2Fwp%2Fv2%2Fpages%2F890&print=pdf\" class=\"pdfprnt-button pdfprnt-button-pdf\" target=\"_blank\"><img decoding=\"async\" src=\"https:\/\/i0.wp.com\/www.emslandkicker.de\/wp-content\/plugins\/pdf-print\/images\/pdf.png?w=610\" alt=\"image_pdf\" title=\"View PDF\" data-recalc-dims=\"1\" \/><\/a><a href=\"http:\/\/www.emslandkicker.de\/index.php?rest_route=%2Fwp%2Fv2%2Fpages%2F890&print=print\" class=\"pdfprnt-button pdfprnt-button-print\" target=\"_blank\"><img decoding=\"async\" src=\"https:\/\/i0.wp.com\/www.emslandkicker.de\/wp-content\/plugins\/pdf-print\/images\/print.png?w=610\" alt=\"image_print\" title=\"Print Content\" data-recalc-dims=\"1\" \/><\/a><\/div><div align=\"center\"><a title=\"Emslandkicker\" href=\"http:\/\/www.emslandkicker.de\/?page_id=675\"><img decoding=\"async\" src=\"https:\/\/i0.wp.com\/www.emslandkicker.de\/wp-content\/uploads\/nostalgie\/vl\/ek-svd.jpg?w=610\" alt=\"Emslandkicker\" data-recalc-dims=\"1\" \/><\/a><\/div>\n<h2><strong>SV Dalum 1978-79<\/strong><\/h2>\n<h3><strong>Mannschaftskader<\/strong><\/h3>\n<p>Trainer Rolf Seelhorst,\u00a0Tobias Blaauw, Alfred Tallen, Jens W\u00f6hl, Hubert Rosken, Detlef Els, Frank Woltering, Michael Winderlich, Daniel Altevers, Stefan Witschen, Guido Titze, Christoph W\u00f6ste, Peter zempmeisel, Andreas Pott, Marko Kues, Thomas Hessel, Maik Gille<\/p>\n<div class=\"sharedaddy sd-sharing-enabled\"><div class=\"robots-nocontent sd-block sd-social sd-social-official sd-sharing\"><h3 class=\"sd-title\">Teilen mit:<\/h3><div class=\"sd-content\"><ul><li class=\"share-facebook\"><div class=\"fb-share-button\" data-href=\"http:\/\/www.emslandkicker.de\/?page_id=890\" data-layout=\"button_count\"><\/div><\/li><li class=\"share-twitter\"><a href=\"https:\/\/twitter.com\/share\" class=\"twitter-share-button\" data-url=\"http:\/\/www.emslandkicker.de\/?page_id=890\" data-text=\"SV Dalum 2000-01\" data-via=\"Emslandkicker\" >Tweet<\/a><\/li><li class=\"share-email\"><a rel=\"nofollow noopener noreferrer\" data-shared=\"\" class=\"share-email sd-button\" href=\"mailto:?subject=%5BGeteilter%20Beitrag%5D%20SV%20Dalum%202000-01&body=http%3A%2F%2Fwww.emslandkicker.de%2F%3Fpage_id%3D890&share=email\" target=\"_blank\" title=\"Click to email a link to a friend\" data-email-share-error-title=\"Do you have email set up?\" data-email-share-error-text=\"If you&#039;re having problems sharing via email, you might not have email set up for your browser. You may need to create a new email yourself.\" data-email-share-nonce=\"c8a4d2cb8a\" data-email-share-track-url=\"http:\/\/www.emslandkicker.de\/?page_id=890&amp;share=email\"><span>E-Mail<\/span><\/a><\/li><li class=\"share-print\"><a rel=\"nofollow noopener noreferrer\" data-shared=\"\" class=\"share-print sd-button\" href=\"http:\/\/www.emslandkicker.de\/?page_id=890\" target=\"_blank\" title=\"Klicken zum Ausdrucken\" ><span>Drucken<\/span><\/a><\/li><li class=\"share-end\"><\/li><\/ul><\/div><\/div><\/div>","protected":false},"excerpt":{"rendered":"<p>SV Dalum 1978-79 Mannschaftskader Trainer Rolf Seelhorst,\u00a0Tobias Blaauw, Alfred Tallen, Jens W\u00f6hl, Hubert Rosken, Detlef Els, Frank Woltering, Michael Winderlich, Daniel Altevers, Stefan Witschen, Guido Titze, Christoph W\u00f6ste, Peter zempmeisel, Andreas Pott, Marko Kues, Thomas Hessel, Maik Gille<\/p>\n<div class=\"sharedaddy sd-sharing-enabled\"><div class=\"robots-nocontent sd-block sd-social sd-social-official sd-sharing\"><h3 class=\"sd-title\">Teilen mit:<\/h3><div class=\"sd-content\"><ul><li class=\"share-facebook\"><div class=\"fb-share-button\" data-href=\"http:\/\/www.emslandkicker.de\/?page_id=890\" data-layout=\"button_count\"><\/div><\/li><li class=\"share-twitter\"><a href=\"https:\/\/twitter.com\/share\" class=\"twitter-share-button\" data-url=\"http:\/\/www.emslandkicker.de\/?page_id=890\" data-text=\"SV Dalum 2000-01\" data-via=\"Emslandkicker\" >Tweet<\/a><\/li><li class=\"share-email\"><a rel=\"nofollow noopener noreferrer\" data-shared=\"\" class=\"share-email sd-button\" href=\"mailto:?subject=%5BGeteilter%20Beitrag%5D%20SV%20Dalum%202000-01&body=http%3A%2F%2Fwww.emslandkicker.de%2F%3Fpage_id%3D890&share=email\" target=\"_blank\" title=\"Click to email a link to a friend\" data-email-share-error-title=\"Do you have email set up?\" data-email-share-error-text=\"If you&#039;re having problems sharing via email, you might not have email set up for your browser. You may need to create a new email yourself.\" data-email-share-nonce=\"c8a4d2cb8a\" data-email-share-track-url=\"http:\/\/www.emslandkicker.de\/?page_id=890&amp;share=email\"><span>E-Mail<\/span><\/a><\/li><li class=\"share-print\"><a rel=\"nofollow noopener noreferrer\" data-shared=\"\" class=\"share-print sd-button\" href=\"http:\/\/www.emslandkicker.de\/?page_id=890\" target=\"_blank\" title=\"Klicken zum Ausdrucken\" ><span>Drucken<\/span><\/a><\/li><li class=\"share-end\"><\/li><\/ul><\/div><\/div><\/div>","protected":false},"author":1,"featured_media":203,"parent":882,"menu_order":4,"comment_status":"open","ping_status":"open","template":"","meta":{"footnotes":""},"class_list":["post-890","page","type-page","status-publish","has-post-thumbnail","hentry"],"jetpack_sharing_enabled":true,"jetpack_shortlink":"https:\/\/wp.me\/P5etIj-em","jetpack-related-posts":[{"id":882,"url":"http:\/\/www.emslandkicker.de\/?page_id=882","url_meta":{"origin":890,"position":0},"title":"SV Dalum &#8211; Ligachronik","date":"3. Dezember 2014","format":false,"excerpt":"Verein Saison Liga Platz Tab. Info SV Dalum 1950-51 Kreisliga 3. SV Dalum 1951-52 Kreisliga 1. SV Dalum 1952-53 Bezirksklasse 6. SV Dalum 1953-54 Bezirksklasse 11. SV Dalum 1954-55 Bezirksklasse 5. SV Dalum 1955-56 Bezirksklasse 7. SV Dalum 1956-57 Bezirksklasse 10. SV Dalum 1957-58 Bezirksklasse 15. SV Dalum 1958-59 1.\u2026","rel":"","context":"Similar post","img":{"alt_text":"","src":"","width":0,"height":0},"classes":[]},{"id":885,"url":"http:\/\/www.emslandkicker.de\/?page_id=885","url_meta":{"origin":890,"position":1},"title":"SV Dalum 1968-69","date":"4. Dezember 2014","format":false,"excerpt":"SV Dalum 1968-69 Mannschaftskader Hans Rosken, Harald Hoffmann, Klaus Ott, Alfons M\u00f6ller, Willi Jansen, Alfons Lingers, Alois Spiekermann, Hermann Brockhaus, Heinz Blaauw, Helmut Titze, Werner Schnieders, G\u00fcnter Blome","rel":"","context":"Similar post","img":{"alt_text":"","src":"","width":0,"height":0},"classes":[]},{"id":887,"url":"http:\/\/www.emslandkicker.de\/?page_id=887","url_meta":{"origin":890,"position":2},"title":"SV Dalum 1977-78","date":"4. Dezember 2014","format":false,"excerpt":"SV Dalum 1977-78 Mannschaftskader Meisterelf Betreuer Willi Jansen, Hermann-Josef Rosken, Heinz Blaauw, Josef Lammers, Helmut Titze, Helmut Tallen, Reinhard Pohl, Bernd Plagge, Hermann Lammers, Wilfried eckelhofs, Hermann Rosken, Thomas Rennock, Hubert Egbers, Willi Meyer, Hubert Rosken, Werner Hessel, Leo Pott, Detlef Engler","rel":"","context":"Similar post","img":{"alt_text":"","src":"","width":0,"height":0},"classes":[]},{"id":892,"url":"http:\/\/www.emslandkicker.de\/?page_id=892","url_meta":{"origin":890,"position":3},"title":"SV Dalum 1986-87","date":"4. Dezember 2014","format":false,"excerpt":"SV Dalum 1986-87 Mannschaftskader Abg\u00e4nge: Matthis Topphoff (SF Schwefingen), Reinhold Robben (Laufbahnende) Zug\u00e4nge: Hermann Kuper (VfL Emslage), Frank Aepken, Detlef Els, Werner Bormes, Hermann L\u00fcken, Frank Steffens und Michael Keute (alle Eigene Junioren) Matthias Pache, Frank Aepken, Detlef Els, Werner Bormes, Hermann L\u00fcken, Frank Steffens, Michael Keute, Rolf Lehmann, Heinz\u2026","rel":"","context":"Similar post","img":{"alt_text":"","src":"","width":0,"height":0},"classes":[]},{"id":453,"url":"http:\/\/www.emslandkicker.de\/?page_id=453","url_meta":{"origin":890,"position":4},"title":"Kreisligameister bis 1995","date":"8. November 2014","format":false,"excerpt":"Kreisliga 1976-77 [Einf\u00fchrung der Kreisligen] Tab. Nord Mitte VfL Emslage S\u00fcd Kreisliga 1977-78 Nord Mitte SV Dalum S\u00fcd Kreisliga 1978-79 Nord Sigiltra S\u00f6gel Mitte DJK Fehndorf S\u00fcd Kreisliga 1979-80 Nord Germ. 08 Papenburg * Mitte SV Erika-A. S\u00fcd Germ. Thuine Kreisliga 1980-81 Nord FC Bockholte Mitte TuS Haren S\u00fcd SG\u2026","rel":"","context":"Similar post","img":{"alt_text":"","src":"","width":0,"height":0},"classes":[]},{"id":437,"url":"http:\/\/www.emslandkicker.de\/?page_id=437","url_meta":{"origin":890,"position":5},"title":"Tabelle 2. Kreisklasse  1958-59","date":"7. November 2014","format":false,"excerpt":"2. Kreisklasse Meppen Mitte 1958-59 Pl. Verein Sp Tore Diff Pkt. 1. GW Lehrte 18 80 : 17 63 30 : 6 2. SV Hemsen 18 75 : 24 51 30 : 6 3. SC Osterbrock 2 18 45 : 32 13 23 : 13 4. SV Meppen 3 18\u2026","rel":"","context":"Similar post","img":{"alt_text":"","src":"","width":0,"height":0},"classes":[]}],"jetpack_likes_enabled":true,"_links":{"self":[{"href":"http:\/\/www.emslandkicker.de\/index.php?rest_route=\/wp\/v2\/pages\/890","targetHints":{"allow":["GET"]}}],"collection":[{"href":"http:\/\/www.emslandkicker.de\/index.php?rest_route=\/wp\/v2\/pages"}],"about":[{"href":"http:\/\/www.emslandkicker.de\/index.php?rest_route=\/wp\/v2\/types\/page"}],"author":[{"embeddable":true,"href":"http:\/\/www.emslandkicker.de\/index.php?rest_route=\/wp\/v2\/users\/1"}],"replies":[{"embeddable":true,"href":"http:\/\/www.emslandkicker.de\/index.php?rest_route=%2Fwp%2Fv2%2Fcomments&post=890"}],"version-history":[{"count":0,"href":"http:\/\/www.emslandkicker.de\/index.php?rest_route=\/wp\/v2\/pages\/890\/revisions"}],"up":[{"embeddable":true,"href":"http:\/\/www.emslandkicker.de\/index.php?rest_route=\/wp\/v2\/pages\/882"}],"wp:featuredmedia":[{"embeddable":true,"href":"http:\/\/www.emslandkicker.de\/index.php?rest_route=\/wp\/v2\/media\/203"}],"wp:attachment":[{"href":"http:\/\/www.emslandkicker.de\/index.php?rest_route=%2Fwp%2Fv2%2Fmedia&parent=890"}],"curies":[{"name":"wp","href":"https:\/\/api.w.org\/{rel}","templated":true}]}}

<div class="pdfprnt-buttons pdfprnt-buttons-page pdfprnt-top-right"><a href="http://www.emslandkicker.de/index.php?rest_route=%2Fwp%2Fv2%2Fpages%2F890&print=pdf" class="pdfprnt-button pdfprnt-button-pdf" target="_blank"><img decoding="async" src="https://i0.wp.com/www.emslandkicker.de/wp-content/plugins/pdf-print/images/pdf.png?w=610" alt="image_pdf" title="View PDF" data-recalc-dims="1" /></a><a href="http://www.emslandkicker.de/index.php?rest_route=%2Fwp%2Fv2%2Fpages%2F890&print=print" class="pdfprnt-button pdfprnt-button-print" target="_blank"><img decoding="async" src="https://i0.wp.com/www.emslandkicker.de/wp-content/plugins/pdf-print/images/print.png?w=610" alt="image_print" title="Print Content" data-recalc-dims="1" /></a></div><div align="center"><a title="Emslandkicker" href="http://www.emslandkicker.de/?page_id=675"><img decoding="async" src="https://i0.wp.com/www.emslandkicker.de/wp-content/uploads/nostalgie/vl/ek-svd.jpg?w=610" alt="Emslandkicker" data-recalc-dims="1" /></a></div>
<h2><strong>SV Dalum 1978-79</strong></h2>
<h3><strong>Mannschaftskader</strong></h3>
<p>Trainer Rolf Seelhorst, Tobias Blaauw, Alfred Tallen, Jens Wöhl, Hubert Rosken, Detlef Els, Frank Woltering, Michael Winderlich, Daniel Altevers, Stefan Witschen, Guido Titze, Christoph Wöste, Peter zempmeisel, Andreas Pott, Marko Kues, Thomas Hessel, Maik Gille</p>
<div class="sharedaddy sd-sharing-enabled"><div class="robots-nocontent sd-block sd-social sd-social-official sd-sharing"><h3 class="sd-title">Teilen mit:</h3><div class="sd-content"><ul><li class="share-facebook"><div class="fb-share-button" data-href="http://www.emslandkicker.de/?page_id=890" data-layout="button_count"></div></li><li class="share-twitter"><a href="https://twitter.com/share" class="twitter-share-button" data-url="http://www.emslandkicker.de/?page_id=890" data-text="SV Dalum 2000-01" data-via="Emslandkicker" >Tweet</a></li><li class="share-email"><a rel="nofollow noopener noreferrer" data-shared="" class="share-email sd-button" href="mailto:?subject=%5BGeteilter%20Beitrag%5D%20SV%20Dalum%202000-01&body=http%3A%2F%2Fwww.emslandkicker.de%2F%3Fpage_id%3D890&share=email" target="_blank" title="Click to email a link to a friend" data-email-share-error-title="Do you have email set up?" data-email-share-error-text="If you&#039;re having problems sharing via email, you might not have email set up for your browser. You may need to create a new email yourself." data-email-share-nonce="c8a4d2cb8a" data-email-share-track-url="http://www.emslandkicker.de/?page_id=890&amp;share=email"><span>E-Mail</span></a></li><li class="share-print"><a rel="nofollow noopener noreferrer" data-shared="" class="share-print sd-button" href="http://www.emslandkicker.de/?page_id=890" target="_blank" title="Klicken zum Ausdrucken" ><span>Drucken</span></a></li><li class="share-end"></li></ul></div></div></div>

<p>SV Dalum 1978-79 Mannschaftskader Trainer Rolf Seelhorst, Tobias Blaauw, Alfred Tallen, Jens Wöhl, Hubert Rosken, Detlef Els, Frank Woltering, Michael Winderlich, Daniel Altevers, Stefan Witschen, Guido Titze, Christoph Wöste, Peter zempmeisel, Andreas Pott, Marko Kues, Thomas Hessel, Maik Gille</p>
<div class="sharedaddy sd-sharing-enabled"><div class="robots-nocontent sd-block sd-social sd-social-official sd-sharing"><h3 class="sd-title">Teilen mit:</h3><div class="sd-content"><ul><li class="share-facebook"><div class="fb-share-button" data-href="http://www.emslandkicker.de/?page_id=890" data-layout="button_count"></div></li><li class="share-twitter"><a href="https://twitter.com/share" class="twitter-share-button" data-url="http://www.emslandkicker.de/?page_id=890" data-text="SV Dalum 2000-01" data-via="Emslandkicker" >Tweet</a></li><li class="share-email"><a rel="nofollow noopener noreferrer" data-shared="" class="share-email sd-button" href="mailto:?subject=%5BGeteilter%20Beitrag%5D%20SV%20Dalum%202000-01&body=http%3A%2F%2Fwww.emslandkicker.de%2F%3Fpage_id%3D890&share=email" target="_blank" title="Click to email a link to a friend" data-email-share-error-title="Do you have email set up?" data-email-share-error-text="If you&#039;re having problems sharing via email, you might not have email set up for your browser. You may need to create a new email yourself." data-email-share-nonce="c8a4d2cb8a" data-email-share-track-url="http://www.emslandkicker.de/?page_id=890&amp;share=email"><span>E-Mail</span></a></li><li class="share-print"><a rel="nofollow noopener noreferrer" data-shared="" class="share-print sd-button" href="http://www.emslandkicker.de/?page_id=890" target="_blank" title="Klicken zum Ausdrucken" ><span>Drucken</span></a></li><li class="share-end"></li></ul></div></div></div>

SV Dalum 1968-69 Mannschaftskader Hans Rosken, Harald Hoffmann, Klaus Ott, Alfons Möller, Willi Jansen, Alfons Lingers, Alois Spiekermann, Hermann Brockhaus, Heinz Blaauw, Helmut Titze, Werner Schnieders, Günter Blome

SV Dalum 1986-87 Mannschaftskader Abgänge: Matthis Topphoff (SF Schwefingen), Reinhold Robben (Laufbahnende) Zugänge: Hermann Kuper (VfL Emslage), Frank Aepken, Detlef Els, Werner Bormes, Hermann Lüken, Frank Steffens und Michael Keute (alle Eigene Junioren) Matthias Pache, Frank Aepken, Detlef Els, Werner Bormes, Hermann Lüken, Frank Steffens, Michael Keute, Rolf Lehmann, Heinz…

Kreisliga 1976-77 [Einführung der Kreisligen] Tab. Nord Mitte VfL Emslage Süd Kreisliga 1977-78 Nord Mitte SV Dalum Süd Kreisliga 1978-79 Nord Sigiltra Sögel Mitte DJK Fehndorf Süd Kreisliga 1979-80 Nord Germ. 08 Papenburg * Mitte SV Erika-A. Süd Germ. Thuine Kreisliga 1980-81 Nord FC Bockholte Mitte TuS Haren Süd SG…
