{"id":892,"date":"2014-12-04T21:55:33","date_gmt":"2014-12-04T19:55:33","guid":{"rendered":"http:\/\/www.emslandkicker.de\/?page_id=892"},"modified":"2014-12-04T21:58:50","modified_gmt":"2014-12-04T19:58:50","slug":"sv-dalum-1986-87","status":"publish","type":"page","link":"http:\/\/www.emslandkicker.de\/?page_id=892","title":{"rendered":"SV Dalum 1986-87"},"content":{"rendered":"<div class=\"pdfprnt-buttons pdfprnt-buttons-page pdfprnt-top-right\"><a href=\"http:\/\/www.emslandkicker.de\/index.php?rest_route=%2Fwp%2Fv2%2Fpages%2F892&print=pdf\" class=\"pdfprnt-button pdfprnt-button-pdf\" target=\"_blank\"><img decoding=\"async\" src=\"https:\/\/i0.wp.com\/www.emslandkicker.de\/wp-content\/plugins\/pdf-print\/images\/pdf.png?w=610\" alt=\"image_pdf\" title=\"View PDF\" data-recalc-dims=\"1\" \/><\/a><a href=\"http:\/\/www.emslandkicker.de\/index.php?rest_route=%2Fwp%2Fv2%2Fpages%2F892&print=print\" class=\"pdfprnt-button pdfprnt-button-print\" target=\"_blank\"><img decoding=\"async\" src=\"https:\/\/i0.wp.com\/www.emslandkicker.de\/wp-content\/plugins\/pdf-print\/images\/print.png?w=610\" alt=\"image_print\" title=\"Print Content\" data-recalc-dims=\"1\" \/><\/a><\/div><div align=\"center\"><a title=\"Emslandkicker\" href=\"http:\/\/www.emslandkicker.de\/?page_id=675\"><img decoding=\"async\" src=\"https:\/\/i0.wp.com\/www.emslandkicker.de\/wp-content\/uploads\/nostalgie\/vl\/ek-svd.jpg?w=610\" alt=\"Emslandkicker\" data-recalc-dims=\"1\" \/><\/a><\/div>\n<h2><strong>SV Dalum 1986-87<\/strong><\/h2>\n<h3><strong>Mannschaftskader<\/strong><\/h3>\n<p><strong>Abg\u00e4nge:<\/strong><br \/>\nMatthis Topphoff (SF Schwefingen), Reinhold Robben (Laufbahnende)<br \/>\n<strong>Zug\u00e4nge:<\/strong><br \/>\nHermann Kuper (VfL Emslage), Frank Aepken, Detlef Els, Werner Bormes, Hermann L\u00fcken, Frank Steffens und Michael Keute (alle Eigene Junioren)<\/p>\n<p>Matthias Pache, Frank Aepken, Detlef Els, Werner Bormes, Hermann L\u00fcken, Frank Steffens, Michael Keute, Rolf Lehmann, Heinz Lammers, Michael M\u00fcssig, Friedel Lonnemann, Heiner Tallen, Rolf Schr\u00f6der, Alois Tallen, Detlef Engler, Norbert H\u00f6ning, Franz Topphoff, Helmut Tallen, Ludger L\u00fcttel, Reinhard Groohus<br \/>\n<strong>Trainer:<\/strong> Helmut Rehbock<\/p>\n<div class=\"sharedaddy sd-sharing-enabled\"><div class=\"robots-nocontent sd-block sd-social sd-social-official sd-sharing\"><h3 class=\"sd-title\">Teilen mit:<\/h3><div class=\"sd-content\"><ul><li class=\"share-facebook\"><div class=\"fb-share-button\" data-href=\"http:\/\/www.emslandkicker.de\/?page_id=892\" data-layout=\"button_count\"><\/div><\/li><li class=\"share-twitter\"><a href=\"https:\/\/twitter.com\/share\" class=\"twitter-share-button\" data-url=\"http:\/\/www.emslandkicker.de\/?page_id=892\" data-text=\"SV Dalum 1986-87\" data-via=\"Emslandkicker\" >Tweet<\/a><\/li><li class=\"share-email\"><a rel=\"nofollow noopener noreferrer\" data-shared=\"\" class=\"share-email sd-button\" href=\"mailto:?subject=%5BGeteilter%20Beitrag%5D%20SV%20Dalum%201986-87&body=http%3A%2F%2Fwww.emslandkicker.de%2F%3Fpage_id%3D892&share=email\" target=\"_blank\" title=\"Click to email a link to a friend\" data-email-share-error-title=\"Do you have email set up?\" data-email-share-error-text=\"If you&#039;re having problems sharing via email, you might not have email set up for your browser. You may need to create a new email yourself.\" data-email-share-nonce=\"392d1bcb57\" data-email-share-track-url=\"http:\/\/www.emslandkicker.de\/?page_id=892&amp;share=email\"><span>E-Mail<\/span><\/a><\/li><li class=\"share-print\"><a rel=\"nofollow noopener noreferrer\" data-shared=\"\" class=\"share-print sd-button\" href=\"http:\/\/www.emslandkicker.de\/?page_id=892\" target=\"_blank\" title=\"Klicken zum Ausdrucken\" ><span>Drucken<\/span><\/a><\/li><li class=\"share-end\"><\/li><\/ul><\/div><\/div><\/div>","protected":false},"excerpt":{"rendered":"<p>SV Dalum 1986-87 Mannschaftskader Abg\u00e4nge: Matthis Topphoff (SF Schwefingen), Reinhold Robben (Laufbahnende) Zug\u00e4nge: Hermann Kuper (VfL Emslage), Frank Aepken, Detlef Els, Werner Bormes, Hermann L\u00fcken, Frank Steffens und Michael Keute (alle Eigene Junioren) Matthias Pache, Frank Aepken, Detlef Els, Werner Bormes, Hermann L\u00fcken, Frank Steffens, Michael Keute, Rolf Lehmann, Heinz Lammers, Michael M\u00fcssig, Friedel Lonnemann, [&hellip;]<\/p>\n<div class=\"sharedaddy sd-sharing-enabled\"><div class=\"robots-nocontent sd-block sd-social sd-social-official sd-sharing\"><h3 class=\"sd-title\">Teilen mit:<\/h3><div class=\"sd-content\"><ul><li class=\"share-facebook\"><div class=\"fb-share-button\" data-href=\"http:\/\/www.emslandkicker.de\/?page_id=892\" data-layout=\"button_count\"><\/div><\/li><li class=\"share-twitter\"><a href=\"https:\/\/twitter.com\/share\" class=\"twitter-share-button\" data-url=\"http:\/\/www.emslandkicker.de\/?page_id=892\" data-text=\"SV Dalum 1986-87\" data-via=\"Emslandkicker\" >Tweet<\/a><\/li><li class=\"share-email\"><a rel=\"nofollow noopener noreferrer\" data-shared=\"\" class=\"share-email sd-button\" href=\"mailto:?subject=%5BGeteilter%20Beitrag%5D%20SV%20Dalum%201986-87&body=http%3A%2F%2Fwww.emslandkicker.de%2F%3Fpage_id%3D892&share=email\" target=\"_blank\" title=\"Click to email a link to a friend\" data-email-share-error-title=\"Do you have email set up?\" data-email-share-error-text=\"If you&#039;re having problems sharing via email, you might not have email set up for your browser. You may need to create a new email yourself.\" data-email-share-nonce=\"392d1bcb57\" data-email-share-track-url=\"http:\/\/www.emslandkicker.de\/?page_id=892&amp;share=email\"><span>E-Mail<\/span><\/a><\/li><li class=\"share-print\"><a rel=\"nofollow noopener noreferrer\" data-shared=\"\" class=\"share-print sd-button\" href=\"http:\/\/www.emslandkicker.de\/?page_id=892\" target=\"_blank\" title=\"Klicken zum Ausdrucken\" ><span>Drucken<\/span><\/a><\/li><li class=\"share-end\"><\/li><\/ul><\/div><\/div><\/div>","protected":false},"author":1,"featured_media":203,"parent":882,"menu_order":0,"comment_status":"open","ping_status":"open","template":"","meta":{"footnotes":""},"class_list":["post-892","page","type-page","status-publish","has-post-thumbnail","hentry"],"jetpack_sharing_enabled":true,"jetpack_shortlink":"https:\/\/wp.me\/P5etIj-eo","jetpack-related-posts":[{"id":887,"url":"http:\/\/www.emslandkicker.de\/?page_id=887","url_meta":{"origin":892,"position":0},"title":"SV Dalum 1977-78","date":"4. Dezember 2014","format":false,"excerpt":"SV Dalum 1977-78 Mannschaftskader Meisterelf Betreuer Willi Jansen, Hermann-Josef Rosken, Heinz Blaauw, Josef Lammers, Helmut Titze, Helmut Tallen, Reinhard Pohl, Bernd Plagge, Hermann Lammers, Wilfried eckelhofs, Hermann Rosken, Thomas Rennock, Hubert Egbers, Willi Meyer, Hubert Rosken, Werner Hessel, Leo Pott, Detlef Engler","rel":"","context":"Similar post","img":{"alt_text":"","src":"","width":0,"height":0},"classes":[]},{"id":890,"url":"http:\/\/www.emslandkicker.de\/?page_id=890","url_meta":{"origin":892,"position":1},"title":"SV Dalum 2000-01","date":"4. Dezember 2014","format":false,"excerpt":"SV Dalum 1978-79 Mannschaftskader Trainer Rolf Seelhorst,\u00a0Tobias Blaauw, Alfred Tallen, Jens W\u00f6hl, Hubert Rosken, Detlef Els, Frank Woltering, Michael Winderlich, Daniel Altevers, Stefan Witschen, Guido Titze, Christoph W\u00f6ste, Peter zempmeisel, Andreas Pott, Marko Kues, Thomas Hessel, Maik Gille","rel":"","context":"Similar post","img":{"alt_text":"","src":"","width":0,"height":0},"classes":[]},{"id":420,"url":"http:\/\/www.emslandkicker.de\/?page_id=420","url_meta":{"origin":892,"position":2},"title":"Fu\u00dfball-Nostalgie Emsland","date":"7. November 2014","format":false,"excerpt":"Das Emsland hat eine Traditionsreiche Vergangenheit und vor allem mit dem SV Meppen einen ehemaligen Zweitligisten in seinen Reihen. Meppen wurde mit dem Aufstieg 1986-87 deutschlandweit bekannt und Toni Schumacher beteiligte sich auch unfreiwillig daran... Ich werde hier von Zeit zu Zeit Beitr\u00e4ge so wie Tabelle aus der Vergangenheit des\u2026","rel":"","context":"Similar post","img":{"alt_text":"","src":"","width":0,"height":0},"classes":[]},{"id":885,"url":"http:\/\/www.emslandkicker.de\/?page_id=885","url_meta":{"origin":892,"position":3},"title":"SV Dalum 1968-69","date":"4. Dezember 2014","format":false,"excerpt":"SV Dalum 1968-69 Mannschaftskader Hans Rosken, Harald Hoffmann, Klaus Ott, Alfons M\u00f6ller, Willi Jansen, Alfons Lingers, Alois Spiekermann, Hermann Brockhaus, Heinz Blaauw, Helmut Titze, Werner Schnieders, G\u00fcnter Blome","rel":"","context":"Similar post","img":{"alt_text":"","src":"","width":0,"height":0},"classes":[]},{"id":914,"url":"http:\/\/www.emslandkicker.de\/?page_id=914","url_meta":{"origin":892,"position":4},"title":"Hasel\u00fcnner SV 1980-81","date":"5. Dezember 2014","format":false,"excerpt":"Hasel\u00fcnner SV Meisterelf 1980-81 Mannschaftskader G\u00fcnter L\u00fcbken, Hans Forsting, Georg (Klopper) Schulte, J\u00f6sef H\u00f6cker, Uwe (Max) Br\u00fcggen, Hermann-Josef Backsmann, Friedhelm (Frieda) L\u00fcbken, Helmut Milzarek, Christoph (Stan) Hating, Alfred (Fips) Gerbig, Peter Hoffmann, Werner Bild, Heiner Forsting, Hans Telkmann, Hermann-Josef Steinkamp Trainer: Paul Abeln, Betreuer: Helmut (Tarzan) Placke Verantwoetliche: Bernd (Bomber)\u2026","rel":"","context":"Similar post","img":{"alt_text":"","src":"","width":0,"height":0},"classes":[]},{"id":659,"url":"http:\/\/www.emslandkicker.de\/?page_id=659","url_meta":{"origin":892,"position":5},"title":"SV trotzte Borussia Dortmund ein 1:1 ab","date":"13. November 2014","format":false,"excerpt":"R\u00fcckhalt in der Meppener Abwehr: Eckhard Vorhold (l.), Hermann R\u00fclander (m.) und Hermann Eiting (r.) wollen in der neuen Saison Gegentore verhindern. Der 18j\u00e4hrige Vorhold hat sich inzwischen zum Stammspieler gemausert und spielt eine wichtige Rolle beim SV. R\u00fclander befindet sich auch in guter Verfassung. So oft wie im Vorjahr\u2026","rel":"","context":"Similar post","img":{"alt_text":"","src":"","width":0,"height":0},"classes":[]}],"jetpack_likes_enabled":true,"_links":{"self":[{"href":"http:\/\/www.emslandkicker.de\/index.php?rest_route=\/wp\/v2\/pages\/892","targetHints":{"allow":["GET"]}}],"collection":[{"href":"http:\/\/www.emslandkicker.de\/index.php?rest_route=\/wp\/v2\/pages"}],"about":[{"href":"http:\/\/www.emslandkicker.de\/index.php?rest_route=\/wp\/v2\/types\/page"}],"author":[{"embeddable":true,"href":"http:\/\/www.emslandkicker.de\/index.php?rest_route=\/wp\/v2\/users\/1"}],"replies":[{"embeddable":true,"href":"http:\/\/www.emslandkicker.de\/index.php?rest_route=%2Fwp%2Fv2%2Fcomments&post=892"}],"version-history":[{"count":0,"href":"http:\/\/www.emslandkicker.de\/index.php?rest_route=\/wp\/v2\/pages\/892\/revisions"}],"up":[{"embeddable":true,"href":"http:\/\/www.emslandkicker.de\/index.php?rest_route=\/wp\/v2\/pages\/882"}],"wp:featuredmedia":[{"embeddable":true,"href":"http:\/\/www.emslandkicker.de\/index.php?rest_route=\/wp\/v2\/media\/203"}],"wp:attachment":[{"href":"http:\/\/www.emslandkicker.de\/index.php?rest_route=%2Fwp%2Fv2%2Fmedia&parent=892"}],"curies":[{"name":"wp","href":"https:\/\/api.w.org\/{rel}","templated":true}]}}

<div class="pdfprnt-buttons pdfprnt-buttons-page pdfprnt-top-right"><a href="http://www.emslandkicker.de/index.php?rest_route=%2Fwp%2Fv2%2Fpages%2F892&print=pdf" class="pdfprnt-button pdfprnt-button-pdf" target="_blank"><img decoding="async" src="https://i0.wp.com/www.emslandkicker.de/wp-content/plugins/pdf-print/images/pdf.png?w=610" alt="image_pdf" title="View PDF" data-recalc-dims="1" /></a><a href="http://www.emslandkicker.de/index.php?rest_route=%2Fwp%2Fv2%2Fpages%2F892&print=print" class="pdfprnt-button pdfprnt-button-print" target="_blank"><img decoding="async" src="https://i0.wp.com/www.emslandkicker.de/wp-content/plugins/pdf-print/images/print.png?w=610" alt="image_print" title="Print Content" data-recalc-dims="1" /></a></div><div align="center"><a title="Emslandkicker" href="http://www.emslandkicker.de/?page_id=675"><img decoding="async" src="https://i0.wp.com/www.emslandkicker.de/wp-content/uploads/nostalgie/vl/ek-svd.jpg?w=610" alt="Emslandkicker" data-recalc-dims="1" /></a></div>
<h2><strong>SV Dalum 1986-87</strong></h2>
<h3><strong>Mannschaftskader</strong></h3>
<p><strong>Abgänge:</strong><br />
Matthis Topphoff (SF Schwefingen), Reinhold Robben (Laufbahnende)<br />
<strong>Zugänge:</strong><br />
Hermann Kuper (VfL Emslage), Frank Aepken, Detlef Els, Werner Bormes, Hermann Lüken, Frank Steffens und Michael Keute (alle Eigene Junioren)</p>
<p>Matthias Pache, Frank Aepken, Detlef Els, Werner Bormes, Hermann Lüken, Frank Steffens, Michael Keute, Rolf Lehmann, Heinz Lammers, Michael Müssig, Friedel Lonnemann, Heiner Tallen, Rolf Schröder, Alois Tallen, Detlef Engler, Norbert Höning, Franz Topphoff, Helmut Tallen, Ludger Lüttel, Reinhard Groohus<br />
<strong>Trainer:</strong> Helmut Rehbock</p>
<div class="sharedaddy sd-sharing-enabled"><div class="robots-nocontent sd-block sd-social sd-social-official sd-sharing"><h3 class="sd-title">Teilen mit:</h3><div class="sd-content"><ul><li class="share-facebook"><div class="fb-share-button" data-href="http://www.emslandkicker.de/?page_id=892" data-layout="button_count"></div></li><li class="share-twitter"><a href="https://twitter.com/share" class="twitter-share-button" data-url="http://www.emslandkicker.de/?page_id=892" data-text="SV Dalum 1986-87" data-via="Emslandkicker" >Tweet</a></li><li class="share-email"><a rel="nofollow noopener noreferrer" data-shared="" class="share-email sd-button" href="mailto:?subject=%5BGeteilter%20Beitrag%5D%20SV%20Dalum%201986-87&body=http%3A%2F%2Fwww.emslandkicker.de%2F%3Fpage_id%3D892&share=email" target="_blank" title="Click to email a link to a friend" data-email-share-error-title="Do you have email set up?" data-email-share-error-text="If you&#039;re having problems sharing via email, you might not have email set up for your browser. You may need to create a new email yourself." data-email-share-nonce="392d1bcb57" data-email-share-track-url="http://www.emslandkicker.de/?page_id=892&amp;share=email"><span>E-Mail</span></a></li><li class="share-print"><a rel="nofollow noopener noreferrer" data-shared="" class="share-print sd-button" href="http://www.emslandkicker.de/?page_id=892" target="_blank" title="Klicken zum Ausdrucken" ><span>Drucken</span></a></li><li class="share-end"></li></ul></div></div></div>

<p>SV Dalum 1986-87 Mannschaftskader Abgänge: Matthis Topphoff (SF Schwefingen), Reinhold Robben (Laufbahnende) Zugänge: Hermann Kuper (VfL Emslage), Frank Aepken, Detlef Els, Werner Bormes, Hermann Lüken, Frank Steffens und Michael Keute (alle Eigene Junioren) Matthias Pache, Frank Aepken, Detlef Els, Werner Bormes, Hermann Lüken, Frank Steffens, Michael Keute, Rolf Lehmann, Heinz Lammers, Michael Müssig, Friedel Lonnemann, [&hellip;]</p>
<div class="sharedaddy sd-sharing-enabled"><div class="robots-nocontent sd-block sd-social sd-social-official sd-sharing"><h3 class="sd-title">Teilen mit:</h3><div class="sd-content"><ul><li class="share-facebook"><div class="fb-share-button" data-href="http://www.emslandkicker.de/?page_id=892" data-layout="button_count"></div></li><li class="share-twitter"><a href="https://twitter.com/share" class="twitter-share-button" data-url="http://www.emslandkicker.de/?page_id=892" data-text="SV Dalum 1986-87" data-via="Emslandkicker" >Tweet</a></li><li class="share-email"><a rel="nofollow noopener noreferrer" data-shared="" class="share-email sd-button" href="mailto:?subject=%5BGeteilter%20Beitrag%5D%20SV%20Dalum%201986-87&body=http%3A%2F%2Fwww.emslandkicker.de%2F%3Fpage_id%3D892&share=email" target="_blank" title="Click to email a link to a friend" data-email-share-error-title="Do you have email set up?" data-email-share-error-text="If you&#039;re having problems sharing via email, you might not have email set up for your browser. You may need to create a new email yourself." data-email-share-nonce="392d1bcb57" data-email-share-track-url="http://www.emslandkicker.de/?page_id=892&amp;share=email"><span>E-Mail</span></a></li><li class="share-print"><a rel="nofollow noopener noreferrer" data-shared="" class="share-print sd-button" href="http://www.emslandkicker.de/?page_id=892" target="_blank" title="Klicken zum Ausdrucken" ><span>Drucken</span></a></li><li class="share-end"></li></ul></div></div></div>

SV Dalum 1978-79 Mannschaftskader Trainer Rolf Seelhorst, Tobias Blaauw, Alfred Tallen, Jens Wöhl, Hubert Rosken, Detlef Els, Frank Woltering, Michael Winderlich, Daniel Altevers, Stefan Witschen, Guido Titze, Christoph Wöste, Peter zempmeisel, Andreas Pott, Marko Kues, Thomas Hessel, Maik Gille

Fußball-Nostalgie Emsland

Das Emsland hat eine Traditionsreiche Vergangenheit und vor allem mit dem SV Meppen einen ehemaligen Zweitligisten in seinen Reihen. Meppen wurde mit dem Aufstieg 1986-87 deutschlandweit bekannt und Toni Schumacher beteiligte sich auch unfreiwillig daran... Ich werde hier von Zeit zu Zeit Beiträge so wie Tabelle aus der Vergangenheit des…

SV Dalum 1968-69 Mannschaftskader Hans Rosken, Harald Hoffmann, Klaus Ott, Alfons Möller, Willi Jansen, Alfons Lingers, Alois Spiekermann, Hermann Brockhaus, Heinz Blaauw, Helmut Titze, Werner Schnieders, Günter Blome

Haselünner SV 1980-81

Haselünner SV Meisterelf 1980-81 Mannschaftskader Günter Lübken, Hans Forsting, Georg (Klopper) Schulte, Jösef Höcker, Uwe (Max) Brüggen, Hermann-Josef Backsmann, Friedhelm (Frieda) Lübken, Helmut Milzarek, Christoph (Stan) Hating, Alfred (Fips) Gerbig, Peter Hoffmann, Werner Bild, Heiner Forsting, Hans Telkmann, Hermann-Josef Steinkamp Trainer: Paul Abeln, Betreuer: Helmut (Tarzan) Placke Verantwoetliche: Bernd (Bomber)…

Rückhalt in der Meppener Abwehr: Eckhard Vorhold (l.), Hermann Rülander (m.) und Hermann Eiting (r.) wollen in der neuen Saison Gegentore verhindern. Der 18jährige Vorhold hat sich inzwischen zum Stammspieler gemausert und spielt eine wichtige Rolle beim SV. Rülander befindet sich auch in guter Verfassung. So oft wie im Vorjahr…
